{"id":2051,"date":"2024-09-08T12:06:01","date_gmt":"2024-09-08T18:06:01","guid":{"rendered":"https:\/\/sanjose.wordcamp.org\/2024\/?post_type=wcb_session&#038;p=2051"},"modified":"2024-09-26T11:37:22","modified_gmt":"2024-09-26T17:37:22","slug":"design-thinking","status":"publish","type":"wcb_session","link":"https:\/\/sanjose.wordcamp.org\/2024\/session\/design-thinking\/","title":{"rendered":"Innovaci\u00f3n en acci\u00f3n: C\u00f3mo aplicar Design Thinking para resolver problemas y crear soluciones efectivas"},"content":{"rendered":"\n<p class=\"wp-block-paragraph\">Durante estos 45 minutos, conversaremos sobre la metodolog\u00eda Design Thinking, abordando sus principios fundamentales, como lo son la empat\u00eda, la colaboraci\u00f3n y el desarrollo de prototipos para resolver problemas complejos. Veremos c\u00f3mo este enfoque centrado en el usuario puede ser aplicado para mejorar procesos, productos y servicios en cualquier sector. Esta charla est\u00e1 dise\u00f1ada para profesionales de todos los niveles que busquen mejorar sus habilidades en resoluci\u00f3n de problemas. Ya seas un emprendedor, un gerente de proyecto o un creativo, encontrar\u00e1s herramientas y t\u00e9cnicas valiosas que te ayudar\u00e1n a abordar desaf\u00edos de manera m\u00e1s efectiva y creativa.<\/p>\n","protected":false},"excerpt":{"rendered":"<p>Durante estos 45 minutos, conversaremos sobre la metodolog\u00eda Design Thinking, abordando sus principios fundamentales, como lo son la empat\u00eda, la colaboraci\u00f3n y el desarrollo de prototipos para resolver problemas complejos. Veremos c\u00f3mo este enfoque centrado en el usuario puede ser aplicado para mejorar procesos, productos y servicios en cualquier sector. Esta charla est\u00e1 dise\u00f1ada para [&hellip;]<\/p>\n","protected":false},"author":18555857,"featured_media":0,"template":"","meta":{"_crdt_document":"","jetpack_post_was_ever_published":false,"_wcpt_session_time":1728761400,"_wcpt_session_duration":2700,"_wcpt_session_type":"session","_wcpt_session_slides":"","_wcpt_session_video":"","_wcpt_speaker_id":[1955],"footnotes":""},"session_track":[31],"session_category":[35],"class_list":["post-2051","wcb_session","type-wcb_session","status-publish","hentry","wcb_track-edificio-de-innovacion-4to-piso","wcb_session_category-diseno-y-accesibilidad"],"jetpack_sharing_enabled":true,"session_date_time":{"date":"12 de octubre de 2024","time":"1:30 PM"},"session_speakers":[{"id":"1955","slug":"tatiana-vargas","name":"Tatiana Vargas","link":"https:\/\/sanjose.wordcamp.org\/2024\/speaker\/tatiana-vargas\/"}],"session_cats_rendered":"Dise\u00f1o y Accesibilidad","_links":{"self":[{"href":"https:\/\/sanjose.wordcamp.org\/2024\/wp-json\/wp\/v2\/sessions\/2051","targetHints":{"allow":["GET"]}}],"collection":[{"href":"https:\/\/sanjose.wordcamp.org\/2024\/wp-json\/wp\/v2\/sessions"}],"about":[{"href":"https:\/\/sanjose.wordcamp.org\/2024\/wp-json\/wp\/v2\/types\/wcb_session"}],"version-history":[{"count":3,"href":"https:\/\/sanjose.wordcamp.org\/2024\/wp-json\/wp\/v2\/sessions\/2051\/revisions"}],"predecessor-version":[{"id":2490,"href":"https:\/\/sanjose.wordcamp.org\/2024\/wp-json\/wp\/v2\/sessions\/2051\/revisions\/2490"}],"speakers":[{"embeddable":true,"href":"https:\/\/sanjose.wordcamp.org\/2024\/wp-json\/wp\/v2\/speakers\/1955"}],"author":[{"embeddable":true,"href":"https:\/\/sanjose.wordcamp.org\/2024\/wp-json\/wporg\/v1\/users\/tvarmo"}],"wp:attachment":[{"href":"https:\/\/sanjose.wordcamp.org\/2024\/wp-json\/wp\/v2\/media?parent=2051"}],"wp:term":[{"taxonomy":"wcb_track","embeddable":true,"href":"https:\/\/sanjose.wordcamp.org\/2024\/wp-json\/wp\/v2\/session_track?post=2051"},{"taxonomy":"wcb_session_category","embeddable":true,"href":"https:\/\/sanjose.wordcamp.org\/2024\/wp-json\/wp\/v2\/session_category?post=2051"}],"curies":[{"name":"wp","href":"https:\/\/api.w.org\/{rel}","templated":true}]}}

Innovación en acción: Cómo aplicar Design Thinking para resolver problemas y crear soluciones efectivas

<p class="wp-block-paragraph">Durante estos 45 minutos, conversaremos sobre la metodología Design Thinking, abordando sus principios fundamentales, como lo son la empatía, la colaboración y el desarrollo de prototipos para resolver problemas complejos. Veremos cómo este enfoque centrado en el usuario puede ser aplicado para mejorar procesos, productos y servicios en cualquier sector. Esta charla está diseñada para profesionales de todos los niveles que busquen mejorar sus habilidades en resolución de problemas. Ya seas un emprendedor, un gerente de proyecto o un creativo, encontrarás herramientas y técnicas valiosas que te ayudarán a abordar desafíos de manera más efectiva y creativa.</p>

<p>Durante estos 45 minutos, conversaremos sobre la metodología Design Thinking, abordando sus principios fundamentales, como lo son la empatía, la colaboración y el desarrollo de prototipos para resolver problemas complejos. Veremos cómo este enfoque centrado en el usuario puede ser aplicado para mejorar procesos, productos y servicios en cualquier sector. Esta charla está diseñada para [&hellip;]</p>

Diseño y Accesibilidad
