{"id":2014,"date":"2024-09-08T11:30:08","date_gmt":"2024-09-08T17:30:08","guid":{"rendered":"https:\/\/sanjose.wordcamp.org\/2024\/?post_type=wcb_session&#038;p=2014"},"modified":"2024-09-26T12:32:17","modified_gmt":"2024-09-26T18:32:17","slug":"como-crear-una-comunidad-alrededor-de-tu-marca-en-el-mundo-digital","status":"publish","type":"wcb_session","link":"https:\/\/sanjose.wordcamp.org\/2024\/session\/como-crear-una-comunidad-alrededor-de-tu-marca-en-el-mundo-digital\/","title":{"rendered":"\u00bfC\u00f3mo crear una comunidad alrededor de tu marca en el mundo digital?"},"content":{"rendered":"\n<p class=\"wp-block-paragraph\">No hay dos clientes, ni dos marcas, ni dos estrategias iguales. Pero s\u00ed tenemos muchos objetivos comunes, y tenemos consciente o inconscientemente, la necesidad de conectar con otras personas, reforzar nuestros valores y darle sentido a nuestra actividad personal y profesional. Y aqu\u00ed es donde comienza la oportunidad de las marcas de rodearse de clientes y potenciales clientes que potencien sus mensajes, valores y experiencias. En esta charla, hablaremos de los puntos m\u00e1s importantes a la hora de crear comunidad, por qu\u00e9 es importante y cu\u00e1les son las mejores pr\u00e1cticas.<\/p>\n","protected":false},"excerpt":{"rendered":"<p>No hay dos clientes, ni dos marcas, ni dos estrategias iguales. Pero s\u00ed tenemos muchos objetivos comunes, y tenemos consciente o inconscientemente, la necesidad de conectar con otras personas, reforzar nuestros valores y darle sentido a nuestra actividad personal y profesional. Y aqu\u00ed es donde comienza la oportunidad de las marcas de rodearse de clientes [&hellip;]<\/p>\n","protected":false},"author":15008105,"featured_media":0,"template":"","meta":{"_crdt_document":"","jetpack_post_was_ever_published":false,"_wcpt_session_time":1728747600,"_wcpt_session_duration":1200,"_wcpt_session_type":"session","_wcpt_session_slides":"","_wcpt_session_video":"","_wcpt_speaker_id":[1927],"footnotes":""},"session_track":[30],"session_category":[36],"class_list":["post-2014","wcb_session","type-wcb_session","status-publish","hentry","wcb_track-auditorio","wcb_session_category-marketing-y-negocios"],"jetpack_sharing_enabled":true,"session_date_time":{"date":"12 de octubre de 2024","time":"9:40 AM"},"session_speakers":[{"id":"1927","slug":"jose-ramon-padron-garcia","name":"Jose Ram\u00f3n Padr\u00f3n Garc\u00eda","link":"https:\/\/sanjose.wordcamp.org\/2024\/speaker\/jose-ramon-padron-garcia\/"}],"session_cats_rendered":"Marketing y Negocios","_links":{"self":[{"href":"https:\/\/sanjose.wordcamp.org\/2024\/wp-json\/wp\/v2\/sessions\/2014","targetHints":{"allow":["GET"]}}],"collection":[{"href":"https:\/\/sanjose.wordcamp.org\/2024\/wp-json\/wp\/v2\/sessions"}],"about":[{"href":"https:\/\/sanjose.wordcamp.org\/2024\/wp-json\/wp\/v2\/types\/wcb_session"}],"version-history":[{"count":3,"href":"https:\/\/sanjose.wordcamp.org\/2024\/wp-json\/wp\/v2\/sessions\/2014\/revisions"}],"predecessor-version":[{"id":2517,"href":"https:\/\/sanjose.wordcamp.org\/2024\/wp-json\/wp\/v2\/sessions\/2014\/revisions\/2517"}],"speakers":[{"embeddable":true,"href":"https:\/\/sanjose.wordcamp.org\/2024\/wp-json\/wp\/v2\/speakers\/1927"}],"author":[{"embeddable":true,"href":"https:\/\/sanjose.wordcamp.org\/2024\/wp-json\/wporg\/v1\/users\/monchomad"}],"wp:attachment":[{"href":"https:\/\/sanjose.wordcamp.org\/2024\/wp-json\/wp\/v2\/media?parent=2014"}],"wp:term":[{"taxonomy":"wcb_track","embeddable":true,"href":"https:\/\/sanjose.wordcamp.org\/2024\/wp-json\/wp\/v2\/session_track?post=2014"},{"taxonomy":"wcb_session_category","embeddable":true,"href":"https:\/\/sanjose.wordcamp.org\/2024\/wp-json\/wp\/v2\/session_category?post=2014"}],"curies":[{"name":"wp","href":"https:\/\/api.w.org\/{rel}","templated":true}]}}

¿Cómo crear una comunidad alrededor de tu marca en el mundo digital?

<p class="wp-block-paragraph">No hay dos clientes, ni dos marcas, ni dos estrategias iguales. Pero sí tenemos muchos objetivos comunes, y tenemos consciente o inconscientemente, la necesidad de conectar con otras personas, reforzar nuestros valores y darle sentido a nuestra actividad personal y profesional. Y aquí es donde comienza la oportunidad de las marcas de rodearse de clientes y potenciales clientes que potencien sus mensajes, valores y experiencias. En esta charla, hablaremos de los puntos más importantes a la hora de crear comunidad, por qué es importante y cuáles son las mejores prácticas.</p>

<p>No hay dos clientes, ni dos marcas, ni dos estrategias iguales. Pero sí tenemos muchos objetivos comunes, y tenemos consciente o inconscientemente, la necesidad de conectar con otras personas, reforzar nuestros valores y darle sentido a nuestra actividad personal y profesional. Y aquí es donde comienza la oportunidad de las marcas de rodearse de clientes [&hellip;]</p>

Jose Ramón Padrón García
