{"id":13,"date":"2024-07-24T23:29:06","date_gmt":"2024-07-25T05:29:06","guid":{"rendered":"https:\/\/sanjose.wordcamp.org\/2024\/?page_id=13"},"modified":"2024-10-12T12:55:30","modified_gmt":"2024-10-12T18:55:30","slug":"tickets","status":"publish","type":"page","link":"https:\/\/sanjose.wordcamp.org\/2024\/tickets\/","title":{"rendered":"Tickets"},"content":{"rendered":"\n<figure class=\"wp-block-image alignfull size-full\"><img loading=\"lazy\" decoding=\"async\" width=\"1940\" height=\"480\" src=\"https:\/\/sanjose.wordcamp.org\/2024\/files\/2024\/07\/tickets_Mesa-de-trabajo-1-copia-7.png\" alt=\"\" class=\"wp-image-1321\" srcset=\"https:\/\/sanjose.wordcamp.org\/2024\/files\/2024\/07\/tickets_Mesa-de-trabajo-1-copia-7.png 1940w, https:\/\/sanjose.wordcamp.org\/2024\/files\/2024\/07\/tickets_Mesa-de-trabajo-1-copia-7-300x74.png 300w, https:\/\/sanjose.wordcamp.org\/2024\/files\/2024\/07\/tickets_Mesa-de-trabajo-1-copia-7-1024x253.png 1024w, https:\/\/sanjose.wordcamp.org\/2024\/files\/2024\/07\/tickets_Mesa-de-trabajo-1-copia-7-768x190.png 768w, https:\/\/sanjose.wordcamp.org\/2024\/files\/2024\/07\/tickets_Mesa-de-trabajo-1-copia-7-500x124.png 500w, https:\/\/sanjose.wordcamp.org\/2024\/files\/2024\/07\/tickets_Mesa-de-trabajo-1-copia-7-1536x380.png 1536w\" sizes=\"auto, (max-width: 1940px) 100vw, 1940px\" \/><\/figure>\n\n\n\n<div class=\"wp-block-group alignwide has-global-padding is-layout-constrained wp-block-group-is-layout-constrained\" style=\"padding-top:var(--wp--preset--spacing--50);padding-bottom:var(--wp--preset--spacing--50)\">\n<div class=\"wp-block-columns is-layout-flex wp-container-core-columns-is-layout-28f84493 wp-block-columns-is-layout-flex\">\n<div class=\"wp-block-column is-layout-flow wp-block-column-is-layout-flow\">\n<figure class=\"wp-block-image aligncenter size-large is-resized\"><img loading=\"lazy\" decoding=\"async\" width=\"1024\" height=\"1024\" src=\"https:\/\/sanjose.wordcamp.org\/2024\/files\/2024\/07\/ENTRADA-1024x1024.png\" alt=\"\" class=\"wp-image-1230\" style=\"width:194px;height:auto\" srcset=\"https:\/\/sanjose.wordcamp.org\/2024\/files\/2024\/07\/ENTRADA-1024x1024.png 1024w, https:\/\/sanjose.wordcamp.org\/2024\/files\/2024\/07\/ENTRADA-300x300.png 300w, https:\/\/sanjose.wordcamp.org\/2024\/files\/2024\/07\/ENTRADA-150x150.png 150w, https:\/\/sanjose.wordcamp.org\/2024\/files\/2024\/07\/ENTRADA-768x768.png 768w, https:\/\/sanjose.wordcamp.org\/2024\/files\/2024\/07\/ENTRADA-1536x1536.png 1536w, https:\/\/sanjose.wordcamp.org\/2024\/files\/2024\/07\/ENTRADA-2048x2048.png 2048w\" sizes=\"auto, (max-width: 1024px) 100vw, 1024px\" \/><\/figure>\n\n\n\n<div style=\"height:20px\" aria-hidden=\"true\" class=\"wp-block-spacer\"><\/div>\n<\/div>\n\n\n\n<div class=\"wp-block-column is-layout-flow wp-block-column-is-layout-flow\">\n<p class=\"has-text-align-left\"><strong>Entrada General:<\/strong><\/p>\n\n\n\n<ul class=\"wp-block-list\">\n<li>Entrada al d\u00eda del evento<\/li>\n\n\n\n<li class=\"has-dm-sans-font-family\">Camiseta del Evento<\/li>\n\n\n\n<li class=\"has-dm-sans-font-family\">Swag<\/li>\n\n\n\n<li class=\"has-dm-sans-font-family\">After Party<\/li>\n\n\n\n<li class=\"has-dm-sans-font-family\">Almuerzo, caf\u00e9 y snacks<\/li>\n\n\n\n<li class=\"has-dm-sans-font-family\">Swag de Patrocinadores<\/li>\n\n\n\n<li class=\"has-dm-sans-font-family\">Contributor Day<\/li>\n<\/ul>\n\n\n\n<div style=\"height:20px\" aria-hidden=\"true\" class=\"wp-block-spacer\"><\/div>\n<\/div>\n<\/div>\n\n\n\n<div class=\"wp-block-columns is-layout-flex wp-container-core-columns-is-layout-28f84493 wp-block-columns-is-layout-flex\">\n<div class=\"wp-block-column is-layout-flow wp-block-column-is-layout-flow\">\n<figure class=\"wp-block-image aligncenter size-large is-resized\"><img loading=\"lazy\" decoding=\"async\" width=\"1024\" height=\"1024\" src=\"https:\/\/sanjose.wordcamp.org\/2024\/files\/2024\/07\/PYMES-1024x1024.png\" alt=\"\" class=\"wp-image-1225\" style=\"width:194px;height:auto\" srcset=\"https:\/\/sanjose.wordcamp.org\/2024\/files\/2024\/07\/PYMES-1024x1024.png 1024w, https:\/\/sanjose.wordcamp.org\/2024\/files\/2024\/07\/PYMES-300x300.png 300w, https:\/\/sanjose.wordcamp.org\/2024\/files\/2024\/07\/PYMES-150x150.png 150w, https:\/\/sanjose.wordcamp.org\/2024\/files\/2024\/07\/PYMES-768x768.png 768w, https:\/\/sanjose.wordcamp.org\/2024\/files\/2024\/07\/PYMES-1536x1536.png 1536w, https:\/\/sanjose.wordcamp.org\/2024\/files\/2024\/07\/PYMES-2048x2048.png 2048w\" sizes=\"auto, (max-width: 1024px) 100vw, 1024px\" \/><\/figure>\n\n\n\n<div style=\"height:20px\" aria-hidden=\"true\" class=\"wp-block-spacer\"><\/div>\n<\/div>\n\n\n\n<div class=\"wp-block-column is-layout-flow wp-block-column-is-layout-flow\">\n<p class=\"has-text-align-left\"><strong>Patrocinio Puerto Pymes:<\/strong><\/p>\n\n\n\n<ul class=\"wp-block-list\">\n<li>1 mesa coctelera con 2 sillas<\/li>\n\n\n\n<li>1 entrada al evento<\/li>\n\n\n\n<li>1 entrada a la cena de agradecimiento<\/li>\n\n\n\n<li>Menci\u00f3n de agradecimiento el d\u00eda del evento<\/li>\n<\/ul>\n\n\n\n<div style=\"height:20px\" aria-hidden=\"true\" class=\"wp-block-spacer\"><\/div>\n<\/div>\n<\/div>\n<\/div>\n\n\n\n<div class=\"wp-block-group alignwide has-global-padding is-layout-constrained wp-block-group-is-layout-constrained\">\n<div class=\"wp-block-columns alignwide is-layout-flex wp-container-core-columns-is-layout-28f84493 wp-block-columns-is-layout-flex\">\n<div class=\"wp-block-column is-layout-flow wp-block-column-is-layout-flow\">\n<h2 class=\"wp-block-heading\"><strong>\u00a1No te pierdas el evento m\u00e1s esperado del a\u00f1o!<\/strong><\/h2>\n\n\n\n<p>WordCamp San Jos\u00e9 2024 te trae lo mejor en tecnolog\u00eda y desarrollo web. Aprende de expertos, con\u00e9ctate con la comunidad y descubre las \u00faltimas tendencias en WordPress. \u00a1Compra tu entrada ahora y asegura tu lugar en este incre\u00edble encuentro de innovaci\u00f3n y conocimiento!<\/p>\n<\/div>\n<\/div>\n<\/div>\n\n\n<a href=\"https:\/\/sanjose.wordcamp.org\/2024\/tickets\/\">Por favor, ve esta p\u00e1gina en un navegador para hacer una compra o gestionar entradas.<\/a>\n\n\n","protected":false},"excerpt":{"rendered":"<p>Entrada General: Patrocinio Puerto Pymes: \u00a1No te pierdas el evento m\u00e1s esperado del a\u00f1o! WordCamp San Jos\u00e9 2024 te trae lo mejor en tecnolog\u00eda y desarrollo web. Aprende de expertos, con\u00e9ctate con la comunidad y descubre las \u00faltimas tendencias en WordPress. \u00a1Compra tu entrada ahora y asegura tu lugar en este incre\u00edble encuentro de innovaci\u00f3n [&hellip;]<\/p>\n","protected":false},"author":20697526,"featured_media":0,"parent":0,"menu_order":0,"comment_status":"closed","ping_status":"closed","template":"page-no-title","meta":{"jetpack_post_was_ever_published":false,"footnotes":""},"class_list":["post-13","page","type-page","status-publish","hentry"],"jetpack_sharing_enabled":true,"_links":{"self":[{"href":"https:\/\/sanjose.wordcamp.org\/2024\/wp-json\/wp\/v2\/pages\/13","targetHints":{"allow":["GET"]}}],"collection":[{"href":"https:\/\/sanjose.wordcamp.org\/2024\/wp-json\/wp\/v2\/pages"}],"about":[{"href":"https:\/\/sanjose.wordcamp.org\/2024\/wp-json\/wp\/v2\/types\/page"}],"author":[{"embeddable":true,"href":"https:\/\/sanjose.wordcamp.org\/2024\/wp-json\/wp\/v2\/users\/20697526"}],"replies":[{"embeddable":true,"href":"https:\/\/sanjose.wordcamp.org\/2024\/wp-json\/wp\/v2\/comments?post=13"}],"version-history":[{"count":5,"href":"https:\/\/sanjose.wordcamp.org\/2024\/wp-json\/wp\/v2\/pages\/13\/revisions"}],"predecessor-version":[{"id":1712,"href":"https:\/\/sanjose.wordcamp.org\/2024\/wp-json\/wp\/v2\/pages\/13\/revisions\/1712"}],"wp:attachment":[{"href":"https:\/\/sanjose.wordcamp.org\/2024\/wp-json\/wp\/v2\/media?parent=13"}],"curies":[{"name":"wp","href":"https:\/\/api.w.org\/{rel}","templated":true}]}}