{"id":21,"date":"2022-03-16T08:33:18","date_gmt":"2022-03-16T14:33:18","guid":{"rendered":"https:\/\/sanjose.wordcamp.org\/2022\/code-of-conduct\/"},"modified":"2022-09-15T15:30:48","modified_gmt":"2022-09-15T21:30:48","slug":"codigo-de-conducta","status":"publish","type":"page","link":"https:\/\/sanjose.wordcamp.org\/2022\/wcsj22\/codigo-de-conducta\/","title":{"rendered":"C\u00f3digo de Conducta"},"content":{"rendered":"\n<h3 class=\"has-large-font-size wp-block-heading\">1. Prop\u00f3sito<\/h3>\n\n\n\n<p class=\"wp-block-paragraph\">WordCamp San Jos\u00e9, Costa Rica cree que nuestra comunidad debe estar abierta para todo el mundo. Como tal, estamos comprometidos a proporcionar un ambiente agradable, seguro y acogedor para todos, independientemente de su sexo, orientaci\u00f3n sexual, discapacidad, etnia, religi\u00f3n, sistema operativo preferido, lenguaje de programaci\u00f3n o editor de texto.<\/p>\n\n\n\n<p class=\"wp-block-paragraph\">Este c\u00f3digo de conducta resume nuestras expectativas para el comportamiento de los participantes, as\u00ed como las consecuencias de un comportamiento inaceptable.<\/p>\n\n\n\n<p class=\"wp-block-paragraph\">Instamos a todos los patrocinadores, voluntarios, conferenciantes, asistentes y otros participantes a ayudarnos a tener una experiencia de conferencia segura y positiva para todos.<\/p>\n\n\n\n<h3 class=\"has-large-font-size wp-block-heading\">2. Comunidad Open Source<\/h3>\n\n\n\n<p class=\"wp-block-paragraph\">Un objetivo adicional de este c\u00f3digo de conducta es incrementar la Comunidad Open Source, alentando a los participantes a reconocer y fortalecer las relaciones entre lo que hacemos y la sociedad en general<\/p>\n\n\n\n<p class=\"wp-block-paragraph\">Al servicio de este objetivo, los organizadores de WordCamp San Jos\u00e9, Costa Rica tomar\u00e1n notas para realizar nominaciones de los miembros ejemplares de la comunidad durante todo el evento y reconocer\u00e1n a los seleccionados despu\u00e9s de la conferencia en el sitio web.<\/p>\n\n\n\n<p class=\"wp-block-paragraph\">Queremos saber si ves a alguien que est\u00e1 haciendo un esfuerzo extra para asegurar que nuestra comunidad sea acogedora, amable y alienta a todos los participantes a contribuir en la mayor medida.<\/p>\n\n\n\n<h3 class=\"has-large-font-size wp-block-heading\">3. Comportamiento Esperado<\/h3>\n\n\n\n<ul class=\"wp-block-list\"><li>Sea considerado, respetuoso y colaborativo.<\/li><li>Abstenerse de conducta y lenguaje degradante, discriminatorio o de acoso.<\/li><li>Sea consciente de su entorno y de sus compa\u00f1eros. Alerte a los organizadores de la conferencia si usted nota una situaci\u00f3n peligrosa o que alguien est\u00e1 en peligro.<\/li><li>Participe de una manera aut\u00e9ntica y activa. Al hacerlo, usted ayuda a crear WordCamp San Jos\u00e9, Costa Rica y eso cuenta.<\/li><\/ul>\n\n\n\n<h3 class=\"has-large-font-size wp-block-heading\">4. Comportamiento inaceptable<\/h3>\n\n\n\n<p class=\"wp-block-paragraph\">Entre los comportamientos inaceptables se incluyen: intimidaci\u00f3n, acoso, abusivo conducta discriminatoria, despectiva o degradante por parte de cualquier asistentes WordCamp San Jos\u00e9, Costa Rica y eventos relacionados. Lugares WordCamp San Jos\u00e9, Costa Rica puede compartir espacios con otras personas; por favor ser respetuoso con todos en estos lugares.<\/p>\n\n\n\n<p class=\"wp-block-paragraph\">El acoso incluye: comentarios verbales ofensivos relacionados con el g\u00e9nero, la orientaci\u00f3n sexual, la raza, la religi\u00f3n, la discapacidad; uso inadecuado de desnudos y\/o im\u00e1genes sexuales en espacios p\u00fablicos (incluyendo diapositivas en la presentaci\u00f3n); intimidaci\u00f3n deliberada, acecho o siguiente; acosar fotograf\u00eda o grabaci\u00f3n; interrupci\u00f3n sostenida de charlas y otros eventos; contacto f\u00edsico inapropiado y atenci\u00f3n sexual no deseada.<\/p>\n\n\n\n<h3 class=\"has-large-font-size wp-block-heading\">5. Consecuencias de un comportamiento inaceptable<\/h3>\n\n\n\n<p class=\"wp-block-paragraph\">El comportamiento inaceptable no ser\u00e1 tolerado por los dem\u00e1s asistentes, organizadores, personal del evento, patrocinadores u otras personas que compartan espacio con la WordCamp San Jos\u00e9, Costa Rica.<\/p>\n\n\n\n<p class=\"wp-block-paragraph\">Se espera que ante un comportamiento inaceptable sea detenido inmediatamente.<\/p>\n\n\n\n<p class=\"wp-block-paragraph\">Si un participante se involucra en una conducta inaceptable, los organizadores de la conferencia pueden tomar cualquier acci\u00f3n que consideren apropiada, hasta la expulsi\u00f3n de la conferencia sin previo aviso o reembolso.<\/p>\n\n\n\n<h3 class=\"has-large-font-size wp-block-heading\">6. \u00bfQu\u00e9 hacer si usted es testigo o es objeto de comportamiento inaceptable?<\/h3>\n\n\n\n<p class=\"wp-block-paragraph\">Si usted est\u00e1 sujeto a un comportamiento inaceptable, nota que alguien est\u00e1 siendo objeto del mismo, o tiene otras preocupaciones, por favor notifique a un organizador de la conferencia tan pronto como le sea posible.<\/p>\n\n\n\n<p class=\"wp-block-paragraph\">El equipo WordCamp San Jos\u00e9, Costa Rica estar\u00e1 disponible para ayudar a los participantes en el contacto con seguridad o la polic\u00eda local, para proporcionar servicios de acompa\u00f1antes, o para ayudar de otra manera a los que experimenten un comportamiento inaceptable o que se sientan seguros durante la duraci\u00f3n de la conferencia.<\/p>\n\n\n\n<p class=\"wp-block-paragraph\">Cualquier voluntario puede conectar con un organizador de la conferencia. Tambi\u00e9n puede llegar al mostrador especial de inscripci\u00f3n en el vest\u00edbulo y pedirlo a los organizadores.<\/p>\n\n\n\n<h3 class=\"has-large-font-size wp-block-heading\">7. Alcance<\/h3>\n\n\n\n<p class=\"wp-block-paragraph\">Esperamos que todos los participantes de la conferencia (patrocinadores, voluntarios, ponentes, asistentes y otros invitados) respeten el c\u00f3digo de conducta en todas las salas y los eventos sociales relacionados.<\/p>\n\n\n\n<h3 class=\"has-large-font-size wp-block-heading\">8. Informaci\u00f3n de contacto<\/h3>\n\n\n\n<p class=\"wp-block-paragraph\"><a href=\"mailto:sanjose@wordcamp.org\">Correo: <mark class=\"has-inline-color has-foreground-color\"><span style=\"text-decoration: underline\">sanjose@wordcamp.org<\/span><\/mark><\/a><\/p>\n\n\n\n<h3 class=\"has-large-font-size wp-block-heading\">9. Licencia y atribuci\u00f3n<\/h3>\n\n\n\n<p class=\"wp-block-paragraph\">Este C\u00f3digo de Conducta est\u00e1 adaptado a nuestro evento partiendo del trabajo del Open Source Bridge. El original est\u00e1 disponible en <a href=\"http:\/\/web.archive.org\/web\/20191206083557\/http:\/\/opensourcebridge.org\/about\/code-of-conduct\/\">Open Source Bridge 2018 <\/a> y est\u00e1 liberado bajo la misma licencia <a href=\"http:\/\/creativecommons.org\/licenses\/by-sa\/3.0\/\">Creative Commons Attribution-ShareAlike<\/a>.<\/p>\n\n\n\n<hr class=\"wp-block-separator has-text-color has-alpha-channel-opacity has-background is-style-default\" style=\"background-color:#6d4a4b;color:#6d4a4b\" \/>\n\n\n\n<p class=\"wp-block-paragraph\"><\/p>\n","protected":false},"excerpt":{"rendered":"<p>1. Prop\u00f3sito WordCamp San Jos\u00e9, Costa Rica cree que nuestra comunidad debe estar abierta para todo el mundo. Como tal, estamos comprometidos a proporcionar un ambiente agradable, seguro y acogedor para todos, independientemente de su sexo, orientaci\u00f3n sexual, discapacidad, etnia, religi\u00f3n, sistema operativo preferido, lenguaje de programaci\u00f3n o editor de texto. Este c\u00f3digo de conducta [&hellip;]<\/p>\n","protected":false},"author":15079632,"featured_media":0,"parent":2,"menu_order":1,"comment_status":"closed","ping_status":"closed","template":"","meta":{"_crdt_document":"","jetpack_post_was_ever_published":false,"footnotes":""},"class_list":["post-21","page","type-page","status-publish","hentry"],"jetpack_sharing_enabled":true,"jetpack_likes_enabled":true,"_links":{"self":[{"href":"https:\/\/sanjose.wordcamp.org\/2022\/wp-json\/wp\/v2\/pages\/21","targetHints":{"allow":["GET"]}}],"collection":[{"href":"https:\/\/sanjose.wordcamp.org\/2022\/wp-json\/wp\/v2\/pages"}],"about":[{"href":"https:\/\/sanjose.wordcamp.org\/2022\/wp-json\/wp\/v2\/types\/page"}],"author":[{"embeddable":true,"href":"https:\/\/sanjose.wordcamp.org\/2022\/wp-json\/wp\/v2\/users\/15079632"}],"replies":[{"embeddable":true,"href":"https:\/\/sanjose.wordcamp.org\/2022\/wp-json\/wp\/v2\/comments?post=21"}],"version-history":[{"count":7,"href":"https:\/\/sanjose.wordcamp.org\/2022\/wp-json\/wp\/v2\/pages\/21\/revisions"}],"predecessor-version":[{"id":778,"href":"https:\/\/sanjose.wordcamp.org\/2022\/wp-json\/wp\/v2\/pages\/21\/revisions\/778"}],"up":[{"embeddable":true,"href":"https:\/\/sanjose.wordcamp.org\/2022\/wp-json\/wp\/v2\/pages\/2"}],"wp:attachment":[{"href":"https:\/\/sanjose.wordcamp.org\/2022\/wp-json\/wp\/v2\/media?parent=21"}],"curies":[{"name":"wp","href":"https:\/\/api.w.org\/{rel}","templated":true}]}}