{"id":1278,"date":"2022-09-15T12:00:58","date_gmt":"2022-09-15T18:00:58","guid":{"rendered":"https:\/\/sanjose.wordcamp.org\/2022\/?page_id=1278"},"modified":"2022-09-15T12:04:05","modified_gmt":"2022-09-15T18:04:05","slug":"noticias","status":"publish","type":"page","link":"https:\/\/sanjose.wordcamp.org\/2022\/noticias\/","title":{"rendered":"Noticias"},"content":{"rendered":"\n<div class=\"wp-block-query alignwide is-layout-constrained wp-block-query-is-layout-constrained\"><ul class=\"alignwide wp-block-post-template is-layout-flow wp-block-post-template-is-layout-flow\"><li class=\"wp-block-post post-3286 post type-post status-publish format-standard hentry category-noticias\">\n\n<div class=\"wp-block-group is-layout-constrained wp-block-group-is-layout-constrained\"><h2 class=\"alignwide wp-block-post-title has-var-wp-custom-typography-font-size-huge-clamp-2-25-rem-4-vw-2-75-rem-font-size\"><a href=\"https:\/\/sanjose.wordcamp.org\/2022\/en-camino-hacia-el-conocimiento-marketing-desde-cero-en-el-wordcamp-sj-2022\/\" target=\"_self\" >En camino hacia el conocimiento: Marketing desde cero en el WordCamp SJ 2022<\/a><\/h2>\n\n\n\n\n<div class=\"wp-block-columns alignwide is-layout-flex wp-container-core-columns-is-layout-f56f613f wp-block-columns-is-layout-flex\">\n<div class=\"wp-block-column is-layout-flow wp-block-column-is-layout-flow\" style=\"flex-basis:650px\"><div class=\"wp-block-post-excerpt\"><p class=\"wp-block-post-excerpt__excerpt\">Quienes han asistido a un WordCamp por primera vez o de forma recurrente, sabr\u00e1n que esta es una experiencia tan \u00fanica como adentrarse en una dimensi\u00f3n alterna, tan arm\u00f3nica y sincronizada como una vida desde el METAVERSO. Este 2022 la comunidad de WordPress y sus organizadores ofrecieron un programa de temas e informaci\u00f3n, en donde&hellip; <\/p><\/div>\n\n<div style=\"font-style:italic;font-weight:400;\" class=\"wp-block-post-date has-small-font-size\"><a href=\"https:\/\/sanjose.wordcamp.org\/2022\/en-camino-hacia-el-conocimiento-marketing-desde-cero-en-el-wordcamp-sj-2022\/\"><time datetime=\"2022-11-09T17:26:27-06:00\">noviembre 9, 2022<\/time><\/a><\/div><\/div>\n\n\n\n<div class=\"wp-block-column is-layout-flow wp-block-column-is-layout-flow\"><\/div>\n<\/div>\n\n\n\n<div style=\"height:16px\" aria-hidden=\"true\" class=\"wp-block-spacer\"><\/div>\n\n\n\n<hr class=\"wp-block-separator has-css-opacity alignwide is-style-wide\" \/>\n\n\n\n<div style=\"height:16px\" aria-hidden=\"true\" class=\"wp-block-spacer\"><\/div>\n<\/div>\n\n<\/li><li class=\"wp-block-post post-2603 post type-post status-publish format-standard has-post-thumbnail hentry category-noticias\">\n\n<div class=\"wp-block-group is-layout-constrained wp-block-group-is-layout-constrained\"><h2 class=\"alignwide wp-block-post-title has-var-wp-custom-typography-font-size-huge-clamp-2-25-rem-4-vw-2-75-rem-font-size\"><a href=\"https:\/\/sanjose.wordcamp.org\/2022\/inscripcion-kanban\/\" target=\"_self\" >Mi primer Kanban<\/a><\/h2>\n\n<figure style=\"margin-top:calc(1.75 * var(--wp--style--block-gap));\" class=\"alignwide wp-block-post-featured-image\"><a href=\"https:\/\/sanjose.wordcamp.org\/2022\/inscripcion-kanban\/\" target=\"_self\"  ><img loading=\"lazy\" decoding=\"async\" width=\"1024\" height=\"513\" src=\"https:\/\/sanjose.wordcamp.org\/2022\/files\/2022\/10\/kanban-banner.png\" class=\"attachment-post-thumbnail size-post-thumbnail wp-post-image\" alt=\"Mi primer Kanban\" style=\"object-fit:contain;\" srcset=\"https:\/\/sanjose.wordcamp.org\/2022\/files\/2022\/10\/kanban-banner.png 1024w, https:\/\/sanjose.wordcamp.org\/2022\/files\/2022\/10\/kanban-banner-300x150.png 300w, https:\/\/sanjose.wordcamp.org\/2022\/files\/2022\/10\/kanban-banner-768x385.png 768w, https:\/\/sanjose.wordcamp.org\/2022\/files\/2022\/10\/kanban-banner-500x250.png 500w\" sizes=\"auto, (max-width: 1024px) 100vw, 1024px\" \/><\/a><\/figure>\n\n\n<div class=\"wp-block-columns alignwide is-layout-flex wp-container-core-columns-is-layout-f56f613f wp-block-columns-is-layout-flex\">\n<div class=\"wp-block-column is-layout-flow wp-block-column-is-layout-flow\" style=\"flex-basis:650px\"><div class=\"wp-block-post-excerpt\"><p class=\"wp-block-post-excerpt__excerpt\">Puede asistir al taller al comprar entrada Aprenderemos a crear una pizarra Kanban.Esta metodolog\u00eda nos permite visualizar y dar seguimiento a los proyectos. \u00a1Recuerde su herramienta favorita para tomar notas! <\/p><\/div>\n\n<div style=\"font-style:italic;font-weight:400;\" class=\"wp-block-post-date has-small-font-size\"><a href=\"https:\/\/sanjose.wordcamp.org\/2022\/inscripcion-kanban\/\"><time datetime=\"2022-11-04T10:00:00-06:00\">noviembre 4, 2022<\/time><\/a><\/div><\/div>\n\n\n\n<div class=\"wp-block-column is-layout-flow wp-block-column-is-layout-flow\"><\/div>\n<\/div>\n\n\n\n<div style=\"height:16px\" aria-hidden=\"true\" class=\"wp-block-spacer\"><\/div>\n\n\n\n<hr class=\"wp-block-separator has-css-opacity alignwide is-style-wide\" \/>\n\n\n\n<div style=\"height:16px\" aria-hidden=\"true\" class=\"wp-block-spacer\"><\/div>\n<\/div>\n\n<\/li><li class=\"wp-block-post post-3116 post type-post status-publish format-standard hentry category-noticias\">\n\n<div class=\"wp-block-group is-layout-constrained wp-block-group-is-layout-constrained\"><h2 class=\"alignwide wp-block-post-title has-var-wp-custom-typography-font-size-huge-clamp-2-25-rem-4-vw-2-75-rem-font-size\"><a href=\"https:\/\/sanjose.wordcamp.org\/2022\/indicaciones-para-ir-al-wordcamp-sj-2022\/\" target=\"_self\" >Indicaciones para ir al WordCamp SJ 2022<\/a><\/h2>\n\n\n\n\n<div class=\"wp-block-columns alignwide is-layout-flex wp-container-core-columns-is-layout-f56f613f wp-block-columns-is-layout-flex\">\n<div class=\"wp-block-column is-layout-flow wp-block-column-is-layout-flow\" style=\"flex-basis:650px\"><div class=\"wp-block-post-excerpt\"><p class=\"wp-block-post-excerpt__excerpt\">Qu\u00e9 emoci\u00f3n, ya casi estamos en el WordCamp SJ 2022, pero antes queremos compartir con vos una serie de indicaciones que har\u00e1n que tu experiencia y tu tiempo sea aprovechado de la mejor manera. Lo primero es contarte que el evento se desarrollar\u00e1 en la Universidad Fid\u00e9litas en su campus en San Pedro de Montes&hellip; <\/p><\/div>\n\n<div style=\"font-style:italic;font-weight:400;\" class=\"wp-block-post-date has-small-font-size\"><a href=\"https:\/\/sanjose.wordcamp.org\/2022\/indicaciones-para-ir-al-wordcamp-sj-2022\/\"><time datetime=\"2022-11-04T08:00:00-06:00\">noviembre 4, 2022<\/time><\/a><\/div><\/div>\n\n\n\n<div class=\"wp-block-column is-layout-flow wp-block-column-is-layout-flow\"><\/div>\n<\/div>\n\n\n\n<div style=\"height:16px\" aria-hidden=\"true\" class=\"wp-block-spacer\"><\/div>\n\n\n\n<hr class=\"wp-block-separator has-css-opacity alignwide is-style-wide\" \/>\n\n\n\n<div style=\"height:16px\" aria-hidden=\"true\" class=\"wp-block-spacer\"><\/div>\n<\/div>\n\n<\/li><li class=\"wp-block-post post-2602 post type-post status-publish format-standard has-post-thumbnail hentry category-noticias\">\n\n<div class=\"wp-block-group is-layout-constrained wp-block-group-is-layout-constrained\"><h2 class=\"alignwide wp-block-post-title has-var-wp-custom-typography-font-size-huge-clamp-2-25-rem-4-vw-2-75-rem-font-size\"><a href=\"https:\/\/sanjose.wordcamp.org\/2022\/inscripcion-figma\/\" target=\"_self\" >Tutorial para taller \u00bfC\u00f3mo presentar un proyecto de dise\u00f1o usando Figma?<\/a><\/h2>\n\n<figure style=\"margin-top:calc(1.75 * var(--wp--style--block-gap));\" class=\"alignwide wp-block-post-featured-image\"><a href=\"https:\/\/sanjose.wordcamp.org\/2022\/inscripcion-figma\/\" target=\"_self\"  ><img loading=\"lazy\" decoding=\"async\" width=\"1024\" height=\"513\" src=\"https:\/\/sanjose.wordcamp.org\/2022\/files\/2022\/10\/figma-banner.png\" class=\"attachment-post-thumbnail size-post-thumbnail wp-post-image\" alt=\"Tutorial para taller \u00bfC\u00f3mo presentar un proyecto de dise\u00f1o usando Figma?\" style=\"object-fit:contain;\" srcset=\"https:\/\/sanjose.wordcamp.org\/2022\/files\/2022\/10\/figma-banner.png 1024w, https:\/\/sanjose.wordcamp.org\/2022\/files\/2022\/10\/figma-banner-300x150.png 300w, https:\/\/sanjose.wordcamp.org\/2022\/files\/2022\/10\/figma-banner-768x385.png 768w, https:\/\/sanjose.wordcamp.org\/2022\/files\/2022\/10\/figma-banner-500x250.png 500w\" sizes=\"auto, (max-width: 1024px) 100vw, 1024px\" \/><\/a><\/figure>\n\n\n<div class=\"wp-block-columns alignwide is-layout-flex wp-container-core-columns-is-layout-f56f613f wp-block-columns-is-layout-flex\">\n<div class=\"wp-block-column is-layout-flow wp-block-column-is-layout-flow\" style=\"flex-basis:650px\"><div class=\"wp-block-post-excerpt\"><p class=\"wp-block-post-excerpt__excerpt\">Puede asistir al taller al comprar su entrada En este taller se ver\u00e1n t\u00e9cnicas para presentar un proyecto ante un cliente. Desde la creaci\u00f3n de la presentaci\u00f3n hasta la navegaci\u00f3n en un prototipo construido con la herramienta Figma Requerimientos Pasos para crear usuario Figma Ingresar al sitio web figma.com Encontrar\u00e1 en la esquina superior derecha&hellip; <\/p><\/div>\n\n<div style=\"font-style:italic;font-weight:400;\" class=\"wp-block-post-date has-small-font-size\"><a href=\"https:\/\/sanjose.wordcamp.org\/2022\/inscripcion-figma\/\"><time datetime=\"2022-11-03T08:00:00-06:00\">noviembre 3, 2022<\/time><\/a><\/div><\/div>\n\n\n\n<div class=\"wp-block-column is-layout-flow wp-block-column-is-layout-flow\"><\/div>\n<\/div>\n\n\n\n<div style=\"height:16px\" aria-hidden=\"true\" class=\"wp-block-spacer\"><\/div>\n\n\n\n<hr class=\"wp-block-separator has-css-opacity alignwide is-style-wide\" \/>\n\n\n\n<div style=\"height:16px\" aria-hidden=\"true\" class=\"wp-block-spacer\"><\/div>\n<\/div>\n\n<\/li><li class=\"wp-block-post post-2604 post type-post status-publish format-standard has-post-thumbnail hentry category-noticias\">\n\n<div class=\"wp-block-group is-layout-constrained wp-block-group-is-layout-constrained\"><h2 class=\"alignwide wp-block-post-title has-var-wp-custom-typography-font-size-huge-clamp-2-25-rem-4-vw-2-75-rem-font-size\"><a href=\"https:\/\/sanjose.wordcamp.org\/2022\/inscripcion-wplocal\/\" target=\"_self\" >Tutorial Desarrollo local con WPLocal<\/a><\/h2>\n\n<figure style=\"margin-top:calc(1.75 * var(--wp--style--block-gap));\" class=\"alignwide wp-block-post-featured-image\"><a href=\"https:\/\/sanjose.wordcamp.org\/2022\/inscripcion-wplocal\/\" target=\"_self\"  ><img loading=\"lazy\" decoding=\"async\" width=\"1024\" height=\"513\" src=\"https:\/\/sanjose.wordcamp.org\/2022\/files\/2022\/10\/local-banner.png\" class=\"attachment-post-thumbnail size-post-thumbnail wp-post-image\" alt=\"Tutorial Desarrollo local con WPLocal\" style=\"object-fit:contain;\" srcset=\"https:\/\/sanjose.wordcamp.org\/2022\/files\/2022\/10\/local-banner.png 1024w, https:\/\/sanjose.wordcamp.org\/2022\/files\/2022\/10\/local-banner-300x150.png 300w, https:\/\/sanjose.wordcamp.org\/2022\/files\/2022\/10\/local-banner-768x385.png 768w, https:\/\/sanjose.wordcamp.org\/2022\/files\/2022\/10\/local-banner-500x250.png 500w\" sizes=\"auto, (max-width: 1024px) 100vw, 1024px\" \/><\/a><\/figure>\n\n\n<div class=\"wp-block-columns alignwide is-layout-flex wp-container-core-columns-is-layout-f56f613f wp-block-columns-is-layout-flex\">\n<div class=\"wp-block-column is-layout-flow wp-block-column-is-layout-flow\" style=\"flex-basis:650px\"><div class=\"wp-block-post-excerpt\"><p class=\"wp-block-post-excerpt__excerpt\">Informaci\u00f3n necesaria para asistir al taller: Desarrollo local con WPLocal <\/p><\/div>\n\n<div style=\"font-style:italic;font-weight:400;\" class=\"wp-block-post-date has-small-font-size\"><a href=\"https:\/\/sanjose.wordcamp.org\/2022\/inscripcion-wplocal\/\"><time datetime=\"2022-11-02T17:00:00-06:00\">noviembre 2, 2022<\/time><\/a><\/div><\/div>\n\n\n\n<div class=\"wp-block-column is-layout-flow wp-block-column-is-layout-flow\"><\/div>\n<\/div>\n\n\n\n<div style=\"height:16px\" aria-hidden=\"true\" class=\"wp-block-spacer\"><\/div>\n\n\n\n<hr class=\"wp-block-separator has-css-opacity alignwide is-style-wide\" \/>\n\n\n\n<div style=\"height:16px\" aria-hidden=\"true\" class=\"wp-block-spacer\"><\/div>\n<\/div>\n\n<\/li><li class=\"wp-block-post post-2601 post type-post status-publish format-standard has-post-thumbnail hentry category-noticias\">\n\n<div class=\"wp-block-group is-layout-constrained wp-block-group-is-layout-constrained\"><h2 class=\"alignwide wp-block-post-title has-var-wp-custom-typography-font-size-huge-clamp-2-25-rem-4-vw-2-75-rem-font-size\"><a href=\"https:\/\/sanjose.wordcamp.org\/2022\/inscripcion-agile\/\" target=\"_self\" >Inscripci\u00f3n a: Inmersi\u00f3n en Agile<\/a><\/h2>\n\n<figure style=\"margin-top:calc(1.75 * var(--wp--style--block-gap));\" class=\"alignwide wp-block-post-featured-image\"><a href=\"https:\/\/sanjose.wordcamp.org\/2022\/inscripcion-agile\/\" target=\"_self\"  ><img loading=\"lazy\" decoding=\"async\" width=\"1024\" height=\"513\" src=\"https:\/\/sanjose.wordcamp.org\/2022\/files\/2022\/10\/agile-banner.png\" class=\"attachment-post-thumbnail size-post-thumbnail wp-post-image\" alt=\"Inscripci\u00f3n a: Inmersi\u00f3n en Agile\" style=\"object-fit:contain;\" srcset=\"https:\/\/sanjose.wordcamp.org\/2022\/files\/2022\/10\/agile-banner.png 1024w, https:\/\/sanjose.wordcamp.org\/2022\/files\/2022\/10\/agile-banner-300x150.png 300w, https:\/\/sanjose.wordcamp.org\/2022\/files\/2022\/10\/agile-banner-768x385.png 768w, https:\/\/sanjose.wordcamp.org\/2022\/files\/2022\/10\/agile-banner-500x250.png 500w\" sizes=\"auto, (max-width: 1024px) 100vw, 1024px\" \/><\/a><\/figure>\n\n\n<div class=\"wp-block-columns alignwide is-layout-flex wp-container-core-columns-is-layout-f56f613f wp-block-columns-is-layout-flex\">\n<div class=\"wp-block-column is-layout-flow wp-block-column-is-layout-flow\" style=\"flex-basis:650px\"><div class=\"wp-block-post-excerpt\"><p class=\"wp-block-post-excerpt__excerpt\">Puede asistir al taller al comprar su entrada A trav\u00e9s de simulaciones, se aprender\u00e1n algunos de los principios y valores detr\u00e1s del movimiento \u00c1gil. \u00a1Recuerde su herramienta favorita para tomar notas! <\/p><\/div>\n\n<div style=\"font-style:italic;font-weight:400;\" class=\"wp-block-post-date has-small-font-size\"><a href=\"https:\/\/sanjose.wordcamp.org\/2022\/inscripcion-agile\/\"><time datetime=\"2022-11-02T08:00:00-06:00\">noviembre 2, 2022<\/time><\/a><\/div><\/div>\n\n\n\n<div class=\"wp-block-column is-layout-flow wp-block-column-is-layout-flow\"><\/div>\n<\/div>\n\n\n\n<div style=\"height:16px\" aria-hidden=\"true\" class=\"wp-block-spacer\"><\/div>\n\n\n\n<hr class=\"wp-block-separator has-css-opacity alignwide is-style-wide\" \/>\n\n\n\n<div style=\"height:16px\" aria-hidden=\"true\" class=\"wp-block-spacer\"><\/div>\n<\/div>\n\n<\/li><li class=\"wp-block-post post-569 post type-post status-publish format-standard hentry category-noticias\">\n\n<div class=\"wp-block-group is-layout-constrained wp-block-group-is-layout-constrained\"><h2 class=\"alignwide wp-block-post-title has-var-wp-custom-typography-font-size-huge-clamp-2-25-rem-4-vw-2-75-rem-font-size\"><a href=\"https:\/\/sanjose.wordcamp.org\/2022\/recomendaciones-para-planear-mi-experiencia-en-el-wordcamp\/\" target=\"_self\" >Recomendaciones para planear mi experiencia en el WordCamp<\/a><\/h2>\n\n\n\n\n<div class=\"wp-block-columns alignwide is-layout-flex wp-container-core-columns-is-layout-f56f613f wp-block-columns-is-layout-flex\">\n<div class=\"wp-block-column is-layout-flow wp-block-column-is-layout-flow\" style=\"flex-basis:650px\"><div class=\"wp-block-post-excerpt\"><p class=\"wp-block-post-excerpt__excerpt\">Gu\u00eda para sacarle el m\u00e1ximo provecho a un WordCamp, agendar charlas, talleres y espacios de networking. <\/p><\/div>\n\n<div style=\"font-style:italic;font-weight:400;\" class=\"wp-block-post-date has-small-font-size\"><a href=\"https:\/\/sanjose.wordcamp.org\/2022\/recomendaciones-para-planear-mi-experiencia-en-el-wordcamp\/\"><time datetime=\"2022-11-01T18:00:00-06:00\">noviembre 1, 2022<\/time><\/a><\/div><\/div>\n\n\n\n<div class=\"wp-block-column is-layout-flow wp-block-column-is-layout-flow\"><\/div>\n<\/div>\n\n\n\n<div style=\"height:16px\" aria-hidden=\"true\" class=\"wp-block-spacer\"><\/div>\n\n\n\n<hr class=\"wp-block-separator has-css-opacity alignwide is-style-wide\" \/>\n\n\n\n<div style=\"height:16px\" aria-hidden=\"true\" class=\"wp-block-spacer\"><\/div>\n<\/div>\n\n<\/li><li class=\"wp-block-post post-2918 post type-post status-publish format-standard hentry category-noticias\">\n\n<div class=\"wp-block-group is-layout-constrained wp-block-group-is-layout-constrained\"><h2 class=\"alignwide wp-block-post-title has-var-wp-custom-typography-font-size-huge-clamp-2-25-rem-4-vw-2-75-rem-font-size\"><a href=\"https:\/\/sanjose.wordcamp.org\/2022\/facturador-virtual-patrocinador-malinche-bronce-del-wordcamp-san-jose-2022\/\" target=\"_self\" >Facturador Virtual Patrocinador Malinche Bronce del WordCamp San Jos\u00e9 2022<\/a><\/h2>\n\n\n\n\n<div class=\"wp-block-columns alignwide is-layout-flex wp-container-core-columns-is-layout-f56f613f wp-block-columns-is-layout-flex\">\n<div class=\"wp-block-column is-layout-flow wp-block-column-is-layout-flow\" style=\"flex-basis:650px\"><div class=\"wp-block-post-excerpt\"><p class=\"wp-block-post-excerpt__excerpt\">Facturador Virtual, es un servicio de facturaci\u00f3n que se integra con tu tienda WooCommerce, con una interfaz gr\u00e1fica muy atractiva, su objetivo es hacer la facturaci\u00f3n de la forma m\u00e1s f\u00e1cil y r\u00e1pida posible. Est\u00e1 facilitando el trabajo de miles de profesionales y empresas en todo el mundo utilizando las Tecnolog\u00edas de Informaci\u00f3n. Son una&hellip; <\/p><\/div>\n\n<div style=\"font-style:italic;font-weight:400;\" class=\"wp-block-post-date has-small-font-size\"><a href=\"https:\/\/sanjose.wordcamp.org\/2022\/facturador-virtual-patrocinador-malinche-bronce-del-wordcamp-san-jose-2022\/\"><time datetime=\"2022-11-01T09:11:32-06:00\">noviembre 1, 2022<\/time><\/a><\/div><\/div>\n\n\n\n<div class=\"wp-block-column is-layout-flow wp-block-column-is-layout-flow\"><\/div>\n<\/div>\n\n\n\n<div style=\"height:16px\" aria-hidden=\"true\" class=\"wp-block-spacer\"><\/div>\n\n\n\n<hr class=\"wp-block-separator has-css-opacity alignwide is-style-wide\" \/>\n\n\n\n<div style=\"height:16px\" aria-hidden=\"true\" class=\"wp-block-spacer\"><\/div>\n<\/div>\n\n<\/li><li class=\"wp-block-post post-2898 post type-post status-publish format-standard hentry category-noticias\">\n\n<div class=\"wp-block-group is-layout-constrained wp-block-group-is-layout-constrained\"><h2 class=\"alignwide wp-block-post-title has-var-wp-custom-typography-font-size-huge-clamp-2-25-rem-4-vw-2-75-rem-font-size\"><a href=\"https:\/\/sanjose.wordcamp.org\/2022\/yoast-patrocinador-malinche-bronce-del-wordcamp-san-jose-2022\/\" target=\"_self\" >Yoast Patrocinador Malinche Bronce del WordCamp San Jos\u00e9 2022<\/a><\/h2>\n\n\n\n\n<div class=\"wp-block-columns alignwide is-layout-flex wp-container-core-columns-is-layout-f56f613f wp-block-columns-is-layout-flex\">\n<div class=\"wp-block-column is-layout-flow wp-block-column-is-layout-flow\" style=\"flex-basis:650px\"><div class=\"wp-block-post-excerpt\"><p class=\"wp-block-post-excerpt__excerpt\">En Yoast, creemos en el&nbsp;SEO para todos.&nbsp;Ayudamos a los propietarios de sitios web de todo el mundo a sacar el m\u00e1ximo provecho de su sitio web, proporcionando feedback sobre la legibilidad de su contenido y apoyo en el SEO t\u00e9cnico. Adem\u00e1s, compartimos nuestros conocimientos a trav\u00e9s de&nbsp;publicaciones en el blog de SEO&nbsp;y nuestros&nbsp;cursos de formaci\u00f3n&nbsp;gratuitos.&hellip; <\/p><\/div>\n\n<div style=\"font-style:italic;font-weight:400;\" class=\"wp-block-post-date has-small-font-size\"><a href=\"https:\/\/sanjose.wordcamp.org\/2022\/yoast-patrocinador-malinche-bronce-del-wordcamp-san-jose-2022\/\"><time datetime=\"2022-10-29T20:00:00-06:00\">octubre 29, 2022<\/time><\/a><\/div><\/div>\n\n\n\n<div class=\"wp-block-column is-layout-flow wp-block-column-is-layout-flow\"><\/div>\n<\/div>\n\n\n\n<div style=\"height:16px\" aria-hidden=\"true\" class=\"wp-block-spacer\"><\/div>\n\n\n\n<hr class=\"wp-block-separator has-css-opacity alignwide is-style-wide\" \/>\n\n\n\n<div style=\"height:16px\" aria-hidden=\"true\" class=\"wp-block-spacer\"><\/div>\n<\/div>\n\n<\/li><li class=\"wp-block-post post-2895 post type-post status-publish format-standard hentry category-noticias\">\n\n<div class=\"wp-block-group is-layout-constrained wp-block-group-is-layout-constrained\"><h2 class=\"alignwide wp-block-post-title has-var-wp-custom-typography-font-size-huge-clamp-2-25-rem-4-vw-2-75-rem-font-size\"><a href=\"https:\/\/sanjose.wordcamp.org\/2022\/cloudways-patrocinador-malinche-bronce-del-wordcamp-san-jose-2022\/\" target=\"_self\" >Cloudways Patrocinador Malinche Bronce del WordCamp San Jos\u00e9 2022<\/a><\/h2>\n\n\n\n\n<div class=\"wp-block-columns alignwide is-layout-flex wp-container-core-columns-is-layout-f56f613f wp-block-columns-is-layout-flex\">\n<div class=\"wp-block-column is-layout-flow wp-block-column-is-layout-flow\" style=\"flex-basis:650px\"><div class=\"wp-block-post-excerpt\"><p class=\"wp-block-post-excerpt__excerpt\">Cloudways, es un servicio de hospedaje gestionado en la nube para todos aquellos que tienen una misi\u00f3n. M\u00e1s de 75.000 empreseas conf\u00edan en el servicio de hospedaje gestionado que brindamos con alto rendimiento y fiabilidad. Descubra todas las posibilidades, no las preocupaciones de alojamiento.\u00a0Cloudways\u00a0elimina la complejidad del alojamiento en la nube y le permite centrarse&hellip; <\/p><\/div>\n\n<div style=\"font-style:italic;font-weight:400;\" class=\"wp-block-post-date has-small-font-size\"><a href=\"https:\/\/sanjose.wordcamp.org\/2022\/cloudways-patrocinador-malinche-bronce-del-wordcamp-san-jose-2022\/\"><time datetime=\"2022-10-29T08:00:00-06:00\">octubre 29, 2022<\/time><\/a><\/div><\/div>\n\n\n\n<div class=\"wp-block-column is-layout-flow wp-block-column-is-layout-flow\"><\/div>\n<\/div>\n\n\n\n<div style=\"height:16px\" aria-hidden=\"true\" class=\"wp-block-spacer\"><\/div>\n\n\n\n<hr class=\"wp-block-separator has-css-opacity alignwide is-style-wide\" \/>\n\n\n\n<div style=\"height:16px\" aria-hidden=\"true\" class=\"wp-block-spacer\"><\/div>\n<\/div>\n\n<\/li><\/ul>\n\n<nav class=\"alignwide wp-block-query-pagination is-content-justification-space-between is-layout-flex wp-container-core-query-pagination-is-layout-e2853e1a wp-block-query-pagination-is-layout-flex\" aria-label=\"Paginaci\u00f3n\">\n\n\n<div class=\"wp-block-query-pagination-numbers\"><span aria-current=\"page\" class=\"page-numbers current\">1<\/span>\n<a class=\"page-numbers\" href=\"?query-301-page=2\">2<\/a>\n<a class=\"page-numbers\" href=\"?query-301-page=3\">3<\/a>\n<span class=\"page-numbers dots\">&hellip;<\/span>\n<a class=\"page-numbers\" href=\"?query-301-page=5\">5<\/a><\/div>\n\n<a href=\"\/2022\/wp-json\/wp\/v2\/pages\/1278?query-301-page=2\" class=\"wp-block-query-pagination-next has-small-font-size\">P\u00e1gina siguiente<span class='wp-block-query-pagination-next-arrow is-arrow-arrow' aria-hidden='true'>\u2192<\/span><\/a>\n<\/nav><\/div>\n","protected":false},"excerpt":{"rendered":"","protected":false},"author":15563622,"featured_media":0,"parent":0,"menu_order":0,"comment_status":"closed","ping_status":"closed","template":"","meta":{"_crdt_document":"","jetpack_post_was_ever_published":false,"footnotes":""},"class_list":["post-1278","page","type-page","status-publish","hentry"],"jetpack_sharing_enabled":true,"jetpack_likes_enabled":true,"_links":{"self":[{"href":"https:\/\/sanjose.wordcamp.org\/2022\/wp-json\/wp\/v2\/pages\/1278","targetHints":{"allow":["GET"]}}],"collection":[{"href":"https:\/\/sanjose.wordcamp.org\/2022\/wp-json\/wp\/v2\/pages"}],"about":[{"href":"https:\/\/sanjose.wordcamp.org\/2022\/wp-json\/wp\/v2\/types\/page"}],"author":[{"embeddable":true,"href":"https:\/\/sanjose.wordcamp.org\/2022\/wp-json\/wp\/v2\/users\/15563622"}],"replies":[{"embeddable":true,"href":"https:\/\/sanjose.wordcamp.org\/2022\/wp-json\/wp\/v2\/comments?post=1278"}],"version-history":[{"count":9,"href":"https:\/\/sanjose.wordcamp.org\/2022\/wp-json\/wp\/v2\/pages\/1278\/revisions"}],"predecessor-version":[{"id":1324,"href":"https:\/\/sanjose.wordcamp.org\/2022\/wp-json\/wp\/v2\/pages\/1278\/revisions\/1324"}],"wp:attachment":[{"href":"https:\/\/sanjose.wordcamp.org\/2022\/wp-json\/wp\/v2\/media?parent=1278"}],"curies":[{"name":"wp","href":"https:\/\/api.w.org\/{rel}","templated":true}]}}