{"id":11,"date":"2022-03-16T08:33:18","date_gmt":"2022-03-16T14:33:18","guid":{"rendered":"https:\/\/sanjose.wordcamp.org\/2022\/location\/"},"modified":"2022-09-15T15:35:20","modified_gmt":"2022-09-15T21:35:20","slug":"ubicacion","status":"publish","type":"page","link":"https:\/\/sanjose.wordcamp.org\/2022\/wcsj22\/ubicacion\/","title":{"rendered":"Ubicaci\u00f3n"},"content":{"rendered":"\n<p class=\"wp-block-paragraph\">La Universidad Fid\u00e9litas es el Venue del WordCamp San Jos\u00e9 2022, por tanto te dejamos toda la informaci\u00f3n sobre como llegar al campus a disfrutar del evento.<\/p>\n\n\n\n<p class=\"wp-block-paragraph\"><strong>\u00bfD\u00f3nde?<\/strong><\/p>\n\n\n\n<p class=\"has-text-align-left wp-block-paragraph\">El WordCamp San Jos\u00e9 2022 se llevar\u00e1 a cabo en la Sede San Pedro de la <a href=\"https:\/\/ufidelitas.ac.cr\/\" data-type=\"URL\" data-id=\"https:\/\/ufidelitas.ac.cr\/\" target=\"_blank\" rel=\"noreferrer noopener nofollow\">Universidad Fid\u00e9litas<\/a>, espec\u00edficamente en el edificio del \u00c1gora. Nuestro Venue cuenta con amplio parqueo y estaci\u00f3n de bus cercana para que puedas desplazarte con tranquilidad.<img loading=\"lazy\" decoding=\"async\" width=\"1000\" height=\"563\" class=\"wp-image-582\" style=\"width: 500px\" src=\"https:\/\/sanjose.wordcamp.org\/2022\/files\/2022\/08\/DJI_0031.jpg\" alt=\"\" srcset=\"https:\/\/sanjose.wordcamp.org\/2022\/files\/2022\/08\/DJI_0031.jpg 1000w, https:\/\/sanjose.wordcamp.org\/2022\/files\/2022\/08\/DJI_0031-300x169.jpg 300w, https:\/\/sanjose.wordcamp.org\/2022\/files\/2022\/08\/DJI_0031-768x432.jpg 768w, https:\/\/sanjose.wordcamp.org\/2022\/files\/2022\/08\/DJI_0031-500x282.jpg 500w\" sizes=\"auto, (max-width: 1000px) 100vw, 1000px\" \/><\/p>\n\n\n\n<p class=\"wp-block-paragraph\"><strong>\u00bfCu\u00e1ndo?<\/strong><\/p>\n\n\n\n<p class=\"wp-block-paragraph\">El WordCamp San Jos\u00e9 2022 se llevar\u00e1 a cabo el pr\u00f3ximo 5 y 6 de Noviembre del 2022.<\/p>\n\n\n\n<p class=\"wp-block-paragraph\"><strong>\u00bfC\u00f3mo puedo llegar?<\/strong><\/p>\n\n\n\n<p class=\"wp-block-paragraph\"><strong>Direcci\u00f3n Exacta:<\/strong> Del Colegio de Ingenieros y Arquitectos en Curridabat, 500 mts al norte y 300 al este. San Pedro, Santa Marta, Costa Rica<\/p>\n\n\n\n<p class=\"wp-block-paragraph\"><strong>Autob\u00fas:<\/strong> Santa Marta\/San Pedro<\/p>\n\n\n\n<p class=\"wp-block-paragraph\"><strong>Autom\u00f3vil:<\/strong> La Universidad cuenta con amplio parqueo con capacidad para todos los asistentes, tambi\u00e9n puedes encontrarnos en <a href=\"https:\/\/www.waze.com\/live-map\/directions?to=ll.9.932477%2C-84.035475\" data-type=\"URL\" data-id=\"https:\/\/www.waze.com\/live-map\/directions?to=ll.9.932477%2C-84.035475\">waze.<\/a><\/p>\n\n\n\n<p class=\"wp-block-paragraph\"><strong>Google Maps:<\/strong> <a href=\"https:\/\/g.page\/UFidelitasSanPedro?share\" data-type=\"URL\" data-id=\"https:\/\/g.page\/UFidelitasSanPedro?share\">Ingresa aqu\u00ed<\/a><\/p>\n\n\n\n<p class=\"wp-block-paragraph\"><\/p>\n\n\n\n<p class=\"wp-block-paragraph\">Nuestro Venue tiene todo lo que necesitas para disfrutar de este WordCamp San Jos\u00e9 2022, \u00a1Te esperamos! \ud83d\ude00 <\/p>\n","protected":false},"excerpt":{"rendered":"<p>La Universidad Fid\u00e9litas es el Venue del WordCamp San Jos\u00e9 2022, por tanto te dejamos toda la informaci\u00f3n sobre como llegar al campus a disfrutar del evento. \u00bfD\u00f3nde? El WordCamp San Jos\u00e9 2022 se llevar\u00e1 a cabo en la Sede San Pedro de la Universidad Fid\u00e9litas, espec\u00edficamente en el edificio del \u00c1gora. Nuestro Venue cuenta [&hellip;]<\/p>\n","protected":false},"author":15079632,"featured_media":0,"parent":2,"menu_order":0,"comment_status":"closed","ping_status":"closed","template":"","meta":{"_crdt_document":"","jetpack_post_was_ever_published":false,"footnotes":""},"class_list":["post-11","page","type-page","status-publish","hentry"],"jetpack_sharing_enabled":true,"jetpack_likes_enabled":true,"_links":{"self":[{"href":"https:\/\/sanjose.wordcamp.org\/2022\/wp-json\/wp\/v2\/pages\/11","targetHints":{"allow":["GET"]}}],"collection":[{"href":"https:\/\/sanjose.wordcamp.org\/2022\/wp-json\/wp\/v2\/pages"}],"about":[{"href":"https:\/\/sanjose.wordcamp.org\/2022\/wp-json\/wp\/v2\/types\/page"}],"author":[{"embeddable":true,"href":"https:\/\/sanjose.wordcamp.org\/2022\/wp-json\/wp\/v2\/users\/15079632"}],"replies":[{"embeddable":true,"href":"https:\/\/sanjose.wordcamp.org\/2022\/wp-json\/wp\/v2\/comments?post=11"}],"version-history":[{"count":2,"href":"https:\/\/sanjose.wordcamp.org\/2022\/wp-json\/wp\/v2\/pages\/11\/revisions"}],"predecessor-version":[{"id":1323,"href":"https:\/\/sanjose.wordcamp.org\/2022\/wp-json\/wp\/v2\/pages\/11\/revisions\/1323"}],"up":[{"embeddable":true,"href":"https:\/\/sanjose.wordcamp.org\/2022\/wp-json\/wp\/v2\/pages\/2"}],"wp:attachment":[{"href":"https:\/\/sanjose.wordcamp.org\/2022\/wp-json\/wp\/v2\/media?parent=11"}],"curies":[{"name":"wp","href":"https:\/\/api.w.org\/{rel}","templated":true}]}}