{"id":1901,"date":"2018-05-25T17:25:29","date_gmt":"2018-05-25T23:25:29","guid":{"rendered":"https:\/\/2018.sanjose.wordcamp.org\/?post_type=wcb_speaker&#038;p=1901"},"modified":"2018-07-14T09:39:12","modified_gmt":"2018-07-14T15:39:12","slug":"laura-escude","status":"publish","type":"wcb_speaker","link":"https:\/\/sanjose.wordcamp.org\/2018\/speaker\/laura-escude\/","title":{"rendered":"Laura  Escude"},"content":{"rendered":"<p>Laura estudi\u00f3 arquitectura y planificaci\u00f3n urbana, y se ha desarrollado como dise\u00f1adora publicitaria, l\u00edder de equipos de producci\u00f3n digital y administradora de proyectos. Es co-l\u00edder de IxDA<!--more--> en Costa Rica y una de las moderadoras del grupo de Facebook UX Costa Rica.<\/p>\n<p>Actualmente labora como Especialista en Dise\u00f1o de Experiencia de Usuario en Accenture, donde realiza proyectos de dise\u00f1o con equipos y usuarios en Estados Unidos y Latinoam\u00e9rica. Tambi\u00e9n se desempe\u00f1a como consultora en dise\u00f1o de productos digitales como parte de Ervo.<\/p>\n","protected":false},"excerpt":{"rendered":"<p>Laura estudi\u00f3 arquitectura y planificaci\u00f3n urbana, y se ha desarrollado como dise\u00f1adora publicitaria, l\u00edder de equipos de producci\u00f3n digital y administradora de proyectos. Es co-l\u00edder de IxDA<\/p>\n","protected":false},"author":319559,"featured_media":0,"comment_status":"closed","ping_status":"closed","template":"","meta":{"_crdt_document":"","jetpack_post_was_ever_published":false,"_wcpt_user_name":"","footnotes":""},"speaker_group":[185,269],"class_list":["post-1901","wcb_speaker","type-wcb_speaker","status-publish","hentry","wcb_speaker_group-design","wcb_speaker_group-ux"],"jetpack_sharing_enabled":true,"jetpack_shortlink":"https:\/\/wp.me\/p9ygju-uF","jetpack_likes_enabled":true,"avatar_urls":{"24":"https:\/\/secure.gravatar.com\/avatar\/91a63579db8097357761f5f01cc8507704dbae10733af9848839db085c78645a?s=24&d=mm&r=g","48":"https:\/\/secure.gravatar.com\/avatar\/91a63579db8097357761f5f01cc8507704dbae10733af9848839db085c78645a?s=48&d=mm&r=g","96":"https:\/\/secure.gravatar.com\/avatar\/91a63579db8097357761f5f01cc8507704dbae10733af9848839db085c78645a?s=96&d=mm&r=g","128":"https:\/\/secure.gravatar.com\/avatar\/91a63579db8097357761f5f01cc8507704dbae10733af9848839db085c78645a?s=128&d=mm&r=g","256":"https:\/\/secure.gravatar.com\/avatar\/91a63579db8097357761f5f01cc8507704dbae10733af9848839db085c78645a?s=256&d=mm&r=g","512":"https:\/\/secure.gravatar.com\/avatar\/91a63579db8097357761f5f01cc8507704dbae10733af9848839db085c78645a?s=512&d=mm&r=g"},"_links":{"self":[{"href":"https:\/\/sanjose.wordcamp.org\/2018\/wp-json\/wp\/v2\/speakers\/1901","targetHints":{"allow":["GET"]}}],"collection":[{"href":"https:\/\/sanjose.wordcamp.org\/2018\/wp-json\/wp\/v2\/speakers"}],"about":[{"href":"https:\/\/sanjose.wordcamp.org\/2018\/wp-json\/wp\/v2\/types\/wcb_speaker"}],"author":[{"embeddable":true,"href":"https:\/\/sanjose.wordcamp.org\/2018\/wp-json\/wp\/v2\/users\/319559"}],"replies":[{"embeddable":true,"href":"https:\/\/sanjose.wordcamp.org\/2018\/wp-json\/wp\/v2\/comments?post=1901"}],"version-history":[{"count":3,"href":"https:\/\/sanjose.wordcamp.org\/2018\/wp-json\/wp\/v2\/speakers\/1901\/revisions"}],"predecessor-version":[{"id":3705,"href":"https:\/\/sanjose.wordcamp.org\/2018\/wp-json\/wp\/v2\/speakers\/1901\/revisions\/3705"}],"wp:attachment":[{"href":"https:\/\/sanjose.wordcamp.org\/2018\/wp-json\/wp\/v2\/media?parent=1901"}],"wp:term":[{"taxonomy":"wcb_speaker_group","embeddable":true,"href":"https:\/\/sanjose.wordcamp.org\/2018\/wp-json\/wp\/v2\/speaker_group?post=1901"}],"curies":[{"name":"wp","href":"https:\/\/api.w.org\/{rel}","templated":true}]}}

<p>Laura estudió arquitectura y planificación urbana, y se ha desarrollado como diseñadora publicitaria, líder de equipos de producción digital y administradora de proyectos. Es co-líder de IxDA<!--more--> en Costa Rica y una de las moderadoras del grupo de Facebook UX Costa Rica.</p>
<p>Actualmente labora como Especialista en Diseño de Experiencia de Usuario en Accenture, donde realiza proyectos de diseño con equipos y usuarios en Estados Unidos y Latinoamérica. También se desempeña como consultora en diseño de productos digitales como parte de Ervo.</p>

<p>Laura estudió arquitectura y planificación urbana, y se ha desarrollado como diseñadora publicitaria, líder de equipos de producción digital y administradora de proyectos. Es co-líder de IxDA</p>
