{"id":204,"date":"2018-03-06T20:35:35","date_gmt":"2018-03-06T20:35:35","guid":{"rendered":"https:\/\/2018.sanjose.wordcamp.org\/?page_id=204"},"modified":"2018-03-13T16:38:23","modified_gmt":"2018-03-13T16:38:23","slug":"venue","status":"publish","type":"page","link":"https:\/\/sanjose.wordcamp.org\/2018\/info\/venue\/","title":{"rendered":"Venue"},"content":{"rendered":"<h2>\u00bfD\u00f3nde?<\/h2>\n<p>El Wordcamp San Jos\u00e9 2018, se llevar\u00e1 cabo en el edificio C de la <a href=\"http:\/\/ulatina.ac.cr\/\" rel=\"nofollow\"><strong>Universidad Latina .<\/strong><\/a><\/p>\n<p>La Universidad Latina de Costa Rica es una de las pioneras en el desarrollo de la Educaci\u00f3n Superior Privada en el pa\u00eds. Forma parte de la red de universidades m\u00e1s grande a nivel mundial denominada Laureate International Universities, la cual le permite tener contacto con m\u00e1s de 80 universidades e institutos de Educaci\u00f3n Superior en 28 pa\u00edses alrededor del mundo, y con m\u00e1s de un mill\u00f3n de estudiantes para una formaci\u00f3n con visi\u00f3n global.<\/p>\n<p><img data-recalc-dims=\"1\" loading=\"lazy\" decoding=\"async\" class=\"alignnone wp-image-562\" src=\"https:\/\/i0.wp.com\/2017.sanjose.wordcamp.org\/files\/2017\/03\/WhatsApp-Image-2017-06-15-at-3.39.46-PM.jpeg?resize=249%2C187&#038;ssl=1\" alt=\"\" width=\"249\" height=\"187\" \/><\/p>\n<h2>\u00bfCu\u00e1ndo?<\/h2>\n<p>El pr\u00f3ximo 21 y 22 de julio.<\/p>\n<h2>\u00bfC\u00f3mo puedo llegar?<\/h2>\n<p>A continuaci\u00f3n, te mostramos toda la informaci\u00f3n de su localizaci\u00f3n y c\u00f3mo llegar al Wordcamp San Jos\u00e9 2018.<\/p>\n<p><strong>Direcci\u00f3n:<\/strong><\/p>\n<p>100 mts norte de Mu\u00f1oz y Nanne en Lourdes Montes de Oca<br \/>\nSan Pedro, San Jose, Costa Rica<\/p>\n<p><strong>\u00bfC\u00f3mo llegar?<\/strong><\/p>\n<ul>\n<li><strong>Autob\u00fas:<\/strong> Santa Marta\/San Pedro,\u00a0 Granadilla\/San Pedro, Cedros\/San Pedro, San Ram\u00f3n\/Tres R\u00edos.<\/li>\n<li><strong>Autom\u00f3vil:<\/strong> Tenemos dos parqueos disponibles con capacidad para 190 veh\u00edculos. (Parqueo La Bandera y Puesto 7 contiguo edificio A)<\/li>\n<li><strong>Tren:<\/strong>\u00a0 a continuaci\u00f3n el detalle de los horarios del tren para el d\u00eda S\u00e1bado<\/li>\n<\/ul>\n<p><img data-recalc-dims=\"1\" loading=\"lazy\" decoding=\"async\" data-attachment-id=\"429\" data-permalink=\"https:\/\/sanjose.wordcamp.org\/2018\/info\/venue\/horario-de-trenes\/\" data-orig-file=\"https:\/\/i0.wp.com\/sanjose.wordcamp.org\/2018\/files\/2018\/03\/horario-de-trenes.png?fit=587%2C535&amp;ssl=1\" data-orig-size=\"587,535\" data-comments-opened=\"1\" data-image-meta=\"{&quot;aperture&quot;:&quot;0&quot;,&quot;credit&quot;:&quot;&quot;,&quot;camera&quot;:&quot;&quot;,&quot;caption&quot;:&quot;&quot;,&quot;created_timestamp&quot;:&quot;0&quot;,&quot;copyright&quot;:&quot;&quot;,&quot;focal_length&quot;:&quot;0&quot;,&quot;iso&quot;:&quot;0&quot;,&quot;shutter_speed&quot;:&quot;0&quot;,&quot;title&quot;:&quot;&quot;,&quot;orientation&quot;:&quot;0&quot;}\" data-image-title=\"horario de trenes\" data-image-description=\"\" data-image-caption=\"\" data-medium-file=\"https:\/\/i0.wp.com\/sanjose.wordcamp.org\/2018\/files\/2018\/03\/horario-de-trenes.png?fit=300%2C273&amp;ssl=1\" data-large-file=\"https:\/\/i0.wp.com\/sanjose.wordcamp.org\/2018\/files\/2018\/03\/horario-de-trenes.png?fit=525%2C478&amp;ssl=1\" class=\"alignnone size-full wp-image-429\" src=\"https:\/\/i0.wp.com\/2018.sanjose.wordcamp.org\/files\/2018\/03\/horario-de-trenes.png?resize=525%2C478&#038;ssl=1\" alt=\"\" width=\"525\" height=\"478\" srcset=\"https:\/\/i0.wp.com\/sanjose.wordcamp.org\/2018\/files\/2018\/03\/horario-de-trenes.png?w=587&amp;ssl=1 587w, https:\/\/i0.wp.com\/sanjose.wordcamp.org\/2018\/files\/2018\/03\/horario-de-trenes.png?resize=300%2C273&amp;ssl=1 300w, https:\/\/i0.wp.com\/sanjose.wordcamp.org\/2018\/files\/2018\/03\/horario-de-trenes.png?resize=329%2C300&amp;ssl=1 329w\" sizes=\"auto, (max-width: 525px) 100vw, 525px\" \/><\/p>\n<p>M\u00e1s informaci\u00f3n en:\u00a0 <a href=\"http:\/\/www.incofer.go.cr\/tren-urbano-cartago-estacion-atlantico\/\">http:\/\/www.incofer.go.cr\/tren-urbano-cartago-estacion-atlantico\/<\/a><\/p>\n<ul>\n<li>Mapa de google: <a href=\"https:\/\/goo.gl\/maps\/UmuPbW2dk542\">https:\/\/goo.gl\/maps\/UmuPbW2dk542<\/a><\/li>\n<\/ul>\n<div class=\"googlemaps\">\n\t\t\t\t<iframe loading=\"lazy\" width=\"600\" height=\"450\" frameborder=\"0\" scrolling=\"no\" marginheight=\"0\" marginwidth=\"0\"  src=\"https:\/\/www.google.com\/maps\/embed?pb=!1m18!1m12!1m3!1d3930.0201216523214!2d-84.04582253491891!3d9.93228197692109!2m3!1f0!2f0!3f0!3m2!1i1024!2i768!4f13.1!3m3!1m2!1s0x8fa0e38954ac9dbf:0x117a348da84974e3!2sUniversidad%20Latina%20De%20Costa%20Rica!5e0!3m2!1ses!2scr!4v1504129979489\"><\/iframe>\n\t\t\t<\/div>\n<p>&nbsp;<\/p>\n<p>&nbsp;<\/p>\n","protected":false},"excerpt":{"rendered":"<p>\u00bfD\u00f3nde? El Wordcamp San Jos\u00e9 2018, se llevar\u00e1 cabo en el edificio C de la Universidad Latina . La Universidad Latina de Costa Rica es una de las pioneras en el desarrollo de la Educaci\u00f3n Superior Privada en el pa\u00eds. Forma parte de la red de universidades m\u00e1s grande a nivel mundial denominada Laureate International &hellip; <\/p>\n<p class=\"link-more\"><a href=\"https:\/\/sanjose.wordcamp.org\/2018\/info\/venue\/\" class=\"more-link\">Continuar leyendo<span class=\"screen-reader-text\"> \u00abVenue\u00bb<\/span><\/a><\/p>\n","protected":false},"author":319559,"featured_media":0,"parent":226,"menu_order":0,"comment_status":"closed","ping_status":"closed","template":"","meta":{"jetpack_post_was_ever_published":false,"footnotes":""},"class_list":["post-204","page","type-page","status-publish","hentry"],"jetpack_sharing_enabled":true,"jetpack_shortlink":"https:\/\/wp.me\/P9ygju-3i","jetpack-related-posts":[{"id":176,"url":"https:\/\/sanjose.wordcamp.org\/2018\/programa\/llamado-a-sponsors\/","url_meta":{"origin":204,"position":0},"title":"Llamado a Sponsors","author":"remediosgraphic","date":"marzo 6, 2018","format":false,"excerpt":"Este ser\u00e1 nuestro tercer WordCamp en San Jos\u00e9 Costa Rica, se llevar\u00e1 a cabo los d\u00edas 21 y 22 de julio del a\u00f1o 2018. Los WordCamps son posibles gracias a los generosos patrocinadores, con este apoyo los boletos se mantienen en un rango de menos de $20 por d\u00eda. Entre\u2026","rel":"","context":"Entrada similar","block_context":{"text":"Entrada similar","link":""},"img":{"alt_text":"","src":"https:\/\/i0.wp.com\/sanjose.wordcamp.org\/2018\/files\/2018\/03\/cropped-tixAsset-4.png?fit=600%2C600&resize=350%2C200#038;ssl=1","width":350,"height":200},"classes":[]},{"id":188,"url":"https:\/\/sanjose.wordcamp.org\/2018\/","url_meta":{"origin":204,"position":1},"title":"Inicio","author":"remediosgraphic","date":"marzo 6, 2018","format":false,"excerpt":"\u00a1SE ACAB\u00d3 LA ESPERA!, YA PUEDES RESERVAR TU ENTRADA PARA WORDCAMP SAN JOS\u00c9 2018 \u00a1Estamos realmente felices! de poder anunciar que, ya puedes adquirir tu entrada para disfrutar de un evento organizado por la comunidad local de WordPress, que reunir\u00e1 a m\u00e1s de 500 asistentes. WordPress es el motor del\u2026","rel":"","context":"Entrada similar","block_context":{"text":"Entrada similar","link":""},"img":{"alt_text":"","src":"https:\/\/i0.wp.com\/2018.sanjose.wordcamp.org\/files\/2018\/03\/cloudsAsset-8-260x300.png?resize=350%2C200&ssl=1","width":350,"height":200},"classes":[]},{"id":185,"url":"https:\/\/sanjose.wordcamp.org\/2018\/info\/demografia\/","url_meta":{"origin":204,"position":2},"title":"Demografia","author":"remediosgraphic","date":"marzo 6, 2018","format":false,"excerpt":"Edades: 18-65 Sexo: aproximadamente 67% hombres, 33% mujeres Porcentaje que sabe \/ usa WordPress: 80% Social: 90% de activos en Facebook, 50% de activos en Twitter Visitas 2017 30,095 mejor dia 2296 visitas Pa\u00edses Asistentes: Costa Rica, Nicaragua , El Salvador , Estados Unidos, Colombia, Guatemala, Mexico, Espana , Panama,\u2026","rel":"","context":"Entrada similar","block_context":{"text":"Entrada similar","link":""},"img":{"alt_text":"","src":"https:\/\/i0.wp.com\/sanjose.wordcamp.org\/2018\/files\/2018\/03\/cropped-tixAsset-4.png?fit=600%2C600&resize=350%2C200#038;ssl=1","width":350,"height":200},"classes":[]},{"id":1811,"url":"https:\/\/sanjose.wordcamp.org\/2018\/live\/","url_meta":{"origin":204,"position":3},"title":"live","author":"remediosgraphic","date":"mayo 25, 2018","format":false,"excerpt":"Todas las publicaciones con #WCSJ, Wordcamp Costa Rica, #wordcampCR, #wordpressCR, WordCamp San Jose seran visibles aqui.","rel":"","context":"Entrada similar","block_context":{"text":"Entrada similar","link":""},"img":{"alt_text":"","src":"https:\/\/i0.wp.com\/sanjose.wordcamp.org\/2018\/files\/2018\/03\/cropped-tixAsset-4.png?fit=600%2C600&resize=350%2C200#038;ssl=1","width":350,"height":200},"classes":[]},{"id":10,"url":"https:\/\/sanjose.wordcamp.org\/2018\/info\/sponsors\/","url_meta":{"origin":204,"position":4},"title":"Sponsors","author":"Ericka Barboza","date":"diciembre 22, 2017","format":false,"excerpt":"\u00a0 Sponsors \u00bfInteresado en patrocinar el pr\u00f3ximo WordCamp San Jos\u00e9 ? Escribanos a sanjose@wordcamp.org y no pierda la oportunidad de ser parte de un evento mundial.","rel":"","context":"Entrada similar","block_context":{"text":"Entrada similar","link":""},"img":{"alt_text":"","src":"https:\/\/i0.wp.com\/sanjose.wordcamp.org\/2018\/files\/2018\/06\/banner_sponsors.jpg?fit=1200%2C675&ssl=1&resize=350%2C200","width":350,"height":200,"srcset":"https:\/\/i0.wp.com\/sanjose.wordcamp.org\/2018\/files\/2018\/06\/banner_sponsors.jpg?fit=1200%2C675&ssl=1&resize=350%2C200 1x, https:\/\/i0.wp.com\/sanjose.wordcamp.org\/2018\/files\/2018\/06\/banner_sponsors.jpg?fit=1200%2C675&ssl=1&resize=525%2C300 1.5x, https:\/\/i0.wp.com\/sanjose.wordcamp.org\/2018\/files\/2018\/06\/banner_sponsors.jpg?fit=1200%2C675&ssl=1&resize=700%2C400 2x, https:\/\/i0.wp.com\/sanjose.wordcamp.org\/2018\/files\/2018\/06\/banner_sponsors.jpg?fit=1200%2C675&ssl=1&resize=1050%2C600 3x"},"classes":[]},{"id":216,"url":"https:\/\/sanjose.wordcamp.org\/2018\/contacto\/codigo-de-conducta\/","url_meta":{"origin":204,"position":5},"title":"Codigo de Conducta","author":"remediosgraphic","date":"marzo 6, 2018","format":false,"excerpt":"Prop\u00f3sito WordCamp San Jos\u00e9, Costa Rica cree que nuestra comunidad debe estar abierta para todo el mundo. Como tal, estamos comprometidos a proporcionar un ambiente agradable, seguro y acogedor para todos, independientemente de su sexo, orientaci\u00f3n sexual, discapacidad, etnia, religi\u00f3n, sistema operativo preferido, lenguaje de programaci\u00f3n o editor de texto.\u2026","rel":"","context":"Entrada similar","block_context":{"text":"Entrada similar","link":""},"img":{"alt_text":"","src":"https:\/\/i0.wp.com\/sanjose.wordcamp.org\/2018\/files\/2018\/03\/cropped-tixAsset-4.png?fit=600%2C600&resize=350%2C200#038;ssl=1","width":350,"height":200},"classes":[]}],"jetpack_likes_enabled":true,"_links":{"self":[{"href":"https:\/\/sanjose.wordcamp.org\/2018\/wp-json\/wp\/v2\/pages\/204","targetHints":{"allow":["GET"]}}],"collection":[{"href":"https:\/\/sanjose.wordcamp.org\/2018\/wp-json\/wp\/v2\/pages"}],"about":[{"href":"https:\/\/sanjose.wordcamp.org\/2018\/wp-json\/wp\/v2\/types\/page"}],"author":[{"embeddable":true,"href":"https:\/\/sanjose.wordcamp.org\/2018\/wp-json\/wp\/v2\/users\/319559"}],"replies":[{"embeddable":true,"href":"https:\/\/sanjose.wordcamp.org\/2018\/wp-json\/wp\/v2\/comments?post=204"}],"version-history":[{"count":9,"href":"https:\/\/sanjose.wordcamp.org\/2018\/wp-json\/wp\/v2\/pages\/204\/revisions"}],"predecessor-version":[{"id":874,"href":"https:\/\/sanjose.wordcamp.org\/2018\/wp-json\/wp\/v2\/pages\/204\/revisions\/874"}],"up":[{"embeddable":true,"href":"https:\/\/sanjose.wordcamp.org\/2018\/wp-json\/wp\/v2\/pages\/226"}],"wp:attachment":[{"href":"https:\/\/sanjose.wordcamp.org\/2018\/wp-json\/wp\/v2\/media?parent=204"}],"curies":[{"name":"wp","href":"https:\/\/api.w.org\/{rel}","templated":true}]}}