{"id":1003,"date":"2018-03-20T13:28:35","date_gmt":"2018-03-20T19:28:35","guid":{"rendered":"https:\/\/2018.sanjose.wordcamp.org\/?page_id=1003"},"modified":"2018-05-11T16:08:12","modified_gmt":"2018-05-11T22:08:12","slug":"call-to-speakers","status":"publish","type":"page","link":"https:\/\/sanjose.wordcamp.org\/2018\/english\/call-to-speakers\/","title":{"rendered":"Call to Speakers"},"content":{"rendered":"<p>Wordcamp San Jos\u00e9 2018 will take place on July 21 and 22 and we are on the search for the best speakers. This is our third Wordcamp and we want to keep reaping successes and good experiences.<\/p>\n<p>Do you have a topic that the WordPress community needs to hear? The Wordcamp is your opportunity, you can share knowledge about WordPress, design, development and programming, UX \/ UI, SEO, marketing, business and much more.<\/p>\n<p>More than 500 participants, +50 national and international speakers, great sponsors, if you wish to participate you can apply as speaker in any of the topics of interest related to the event.<br \/>\nFormat of the talks and acceptance guide<\/p>\n<p>The sessions will be about 30 minutes long and 15 additional minutes for the attendees to ask questions. If you have more than one idea you can send them all, we will select the one that best fits the program. (Please, send a proposal in each application.)<\/p>\n<p>For your talk to be accepted, it will be launched by public vote and will have a value of 50% of the votes, the other 50% will be the vote by the organizers.<\/p>\n<p>What are we looking for?<\/p>\n<p>We want interesting topics within specific areas, innovative presentations, with current themes that inspire the audience to create great business strategies.<\/p>\n<p>We would love to continue strengthening the WordPress Community of Costa Rica and maintain contact after the event.<\/p>\n<p>Tell us your ideas! Do you already have something in mind? Do not wait any longer and send us your proposal!<\/p>\n<p>To help you prepare your proposal, we show you some sample topics that have been interesting for our audience, remember that they are not the only ones! Innovation and new proposals is what we are looking for!<\/p>\n<p><strong>Development<\/strong><br \/>\nJavaScript, AI, Blockchain and WP, PHP7, CSS, Frameworks (redux, angular, react), tools or utilities that help us become better WordPress developers.<br \/>\nWordPress REST API.<br \/>\nManagement of really big projects &#8211; both at the team level and the technological challenge, as well as complex web applications.<br \/>\nReal stories of test automation (end-to-end, integration, browser, unit).<br \/>\nOptimization and configuration at server level (HHVM, for example).<br \/>\nGood practices of use of control of GIT versions.<br \/>\nDevelopment of themes _underscores, hooks, Gutenberg, frameworks, plugins.<br \/>\nWordPress as a mobile app.<br \/>\nAdvanced use of plugins, WooComerce, buddyPress, forms (Gravity, boiler, Caldera, ninja) etc.<br \/>\nSecurity.<br \/>\nHosting<br \/>\nWordPress host on AWS, amazon fulfillment, payments, affiliates, Amazon Polly (voice for post)<br \/>\nAdministration and maintenance of sites made in WordPress<\/p>\n<p><strong>Design<\/strong><br \/>\nEffective design techniques (mobile-first, data-driven design, design thinking etc).<br \/>\nDesigning user experiences for multiple devices \/ platforms.<br \/>\nNew trends in web standards and how to make good use of them (HTML5, CSS3, SVG).<br \/>\nResponsive web design<br \/>\nTypography on the web.<br \/>\nDesign Trends 2017\/18.<br \/>\nUI Patterns.<br \/>\nCSS for designers, preprocessors, flexbox, css grid, animation.<br \/>\nGood practices in design, definition of scopes, contracts, budgets.<br \/>\nUX \/ UI for a WordPress page.<\/p>\n<p><strong>Bussines<\/strong><br \/>\nStrategies for business growth and growth challenges (real stories and case studies).<br \/>\nTeam management, customer service, remote work teams &#8230;<br \/>\nProduct strategies (competitor analysis, differentiation, etc.).<br \/>\nBrand management and online reputation (how to build a strong brand, crisis management, etc).<br \/>\nBusiness optimization tips for freelance developers.<br \/>\nImplementation of agile methodologies in your project.<br \/>\nWordPress and Social media<br \/>\nBusiness models in WordPress<\/p>\n<p><strong>Marketing and Communication<\/strong><br \/>\nContent strategies (community managers).<br \/>\nSEO (plugins, tips, results, reality).<br \/>\nOptimization of landing pages.<br \/>\nEmail Marketing, subscription management (plugins).<br \/>\nManagement of social networks.<br \/>\nPractical guide on how to get involved with the Community.<br \/>\nCreative writing techniques.<br \/>\nVlog video<\/p>\n<p><strong>Open Source \/ WordPress.org<\/strong><br \/>\nHow to collaborate with WordPress<br \/>\nOpen source communities in CR \/ latinoamerica<br \/>\nTranslations<br \/>\nInclusivity<\/p>\n<p>NOTE: These topics are for inspiration only. To give head to his! We want your proposal to be based on your experience and knowledge. If you want to discuss your idea before submitting your proposal, write to sanjose@wordcamp.org and we will be happy to help you.<br \/>\nHow long can I send the proposals?<\/p>\n<p>We are very excited to receive your proposals, the deadline is may 10th. The sooner you send it, the more likely you are to be selected.<\/p>\n<p>We appreciate your interest in participating in this fabulous event!<\/p>\n","protected":false},"excerpt":{"rendered":"<p>Wordcamp San Jos\u00e9 2018 will take place on July 21 and 22 and we are on the search for the best speakers. This is our third Wordcamp and we want to keep reaping successes and good experiences. Do you have a topic that the WordPress community needs to hear? The Wordcamp is your opportunity, you &hellip; <\/p>\n<p class=\"link-more\"><a href=\"https:\/\/sanjose.wordcamp.org\/2018\/english\/call-to-speakers\/\" class=\"more-link\">Continuar leyendo<span class=\"screen-reader-text\"> \u00abCall to Speakers\u00bb<\/span><\/a><\/p>\n","protected":false},"author":319559,"featured_media":0,"parent":193,"menu_order":0,"comment_status":"closed","ping_status":"closed","template":"","meta":{"_crdt_document":"","jetpack_post_was_ever_published":false,"footnotes":""},"class_list":["post-1003","page","type-page","status-publish","hentry"],"jetpack_sharing_enabled":true,"jetpack_shortlink":"https:\/\/wp.me\/P9ygju-gb","jetpack-related-posts":[{"id":193,"url":"https:\/\/sanjose.wordcamp.org\/2018\/english\/","url_meta":{"origin":1003,"position":0},"title":"English","author":"remediosgraphic","date":"marzo 6, 2018","format":false,"excerpt":"THE WAITING IS FINISHED !, YOU CAN ALREADY RESERVE YOUR ENTRANCE TO WORDCAMP SAN JOS\u00c9 2018 We are really happy to announce and you can buy your ticket to enjoy an event organized by the local WordPress community and that will gather more than 500 attendees. WordPress is the engine\u2026","rel":"","context":"Entrada similar","block_context":{"text":"Entrada similar","link":""},"img":{"alt_text":"","src":"https:\/\/i0.wp.com\/sanjose.wordcamp.org\/2018\/files\/2018\/03\/cropped-tixAsset-4.png?fit=600%2C600&resize=350%2C200#038;ssl=1","width":350,"height":200},"classes":[]},{"id":1020,"url":"https:\/\/sanjose.wordcamp.org\/2018\/english\/general-info\/","url_meta":{"origin":1003,"position":1},"title":"General Info","author":"remediosgraphic","date":"marzo 20, 2018","format":false,"excerpt":"THE WAITING IS FINISHED !, YOU CAN ALREADY RESERVE YOUR ENTRANCE TO WORDCAMP SAN JOS\u00c9 2018 We are really happy to announce and you can buy your ticket to enjoy an event organized by the local WordPress community and that will gather more than 500 attendees. WordPress is the engine\u2026","rel":"","context":"Entrada similar","block_context":{"text":"Entrada similar","link":""},"img":{"alt_text":"","src":"https:\/\/i0.wp.com\/sanjose.wordcamp.org\/2018\/files\/2018\/03\/cropped-tixAsset-4.png?fit=600%2C600&resize=350%2C200#038;ssl=1","width":350,"height":200},"classes":[]},{"id":182,"url":"https:\/\/sanjose.wordcamp.org\/2018\/english\/call-to-sponsors\/","url_meta":{"origin":1003,"position":2},"title":"Call to Sponsors","author":"remediosgraphic","date":"marzo 6, 2018","format":false,"excerpt":"This will be our third WordCamp in San Jos\u00e9 Costa Rica. Taking place on July 21 and 22 of 2018. WordCamp is possible thanks to the generous sponsors, with support the tickets are kept in a range of less than $20 per day. Among the 600 attendees, 2018 will host\u2026","rel":"","context":"Entrada similar","block_context":{"text":"Entrada similar","link":""},"img":{"alt_text":"","src":"https:\/\/i0.wp.com\/sanjose.wordcamp.org\/2018\/files\/2018\/03\/cropped-tixAsset-4.png?fit=600%2C600&resize=350%2C200#038;ssl=1","width":350,"height":200},"classes":[]},{"id":19,"url":"https:\/\/sanjose.wordcamp.org\/2018\/english\/contact\/code-of-conduct\/","url_meta":{"origin":1003,"position":3},"title":"Code of Conduct","author":"Ericka Barboza","date":"diciembre 22, 2017","format":false,"excerpt":"Organizers note: Below is a boilerplate code of conduct that you can customize; another great example is the Ada Initiative anti-harassment policy. We also recommend the organizing team read this article on how to take a harassment report Please update the portions with red text. You can use the \"Remove\u2026","rel":"","context":"Entrada similar","block_context":{"text":"Entrada similar","link":""},"img":{"alt_text":"","src":"https:\/\/i0.wp.com\/sanjose.wordcamp.org\/2018\/files\/2018\/03\/cropped-tixAsset-4.png?fit=600%2C600&resize=350%2C200#038;ssl=1","width":350,"height":200},"classes":[]},{"id":216,"url":"https:\/\/sanjose.wordcamp.org\/2018\/contacto\/codigo-de-conducta\/","url_meta":{"origin":1003,"position":4},"title":"Codigo de Conducta","author":"remediosgraphic","date":"marzo 6, 2018","format":false,"excerpt":"Prop\u00f3sito WordCamp San Jos\u00e9, Costa Rica cree que nuestra comunidad debe estar abierta para todo el mundo. Como tal, estamos comprometidos a proporcionar un ambiente agradable, seguro y acogedor para todos, independientemente de su sexo, orientaci\u00f3n sexual, discapacidad, etnia, religi\u00f3n, sistema operativo preferido, lenguaje de programaci\u00f3n o editor de texto.\u2026","rel":"","context":"Entrada similar","block_context":{"text":"Entrada similar","link":""},"img":{"alt_text":"","src":"https:\/\/i0.wp.com\/sanjose.wordcamp.org\/2018\/files\/2018\/03\/cropped-tixAsset-4.png?fit=600%2C600&resize=350%2C200#038;ssl=1","width":350,"height":200},"classes":[]},{"id":2,"url":"https:\/\/sanjose.wordcamp.org\/2018\/sample-page\/","url_meta":{"origin":1003,"position":5},"title":"Sample Page","author":"Ericka Barboza","date":"diciembre 22, 2017","format":false,"excerpt":"This is an example page. It's different from a blog post because it will stay in one place and will show up in your site navigation (in most themes). Most people start with an About page that introduces them to potential site visitors. It might say something like this: Hi\u2026","rel":"","context":"Entrada similar","block_context":{"text":"Entrada similar","link":""},"img":{"alt_text":"","src":"https:\/\/i0.wp.com\/sanjose.wordcamp.org\/2018\/files\/2018\/03\/cropped-tixAsset-4.png?fit=600%2C600&resize=350%2C200#038;ssl=1","width":350,"height":200},"classes":[]}],"jetpack_likes_enabled":true,"_links":{"self":[{"href":"https:\/\/sanjose.wordcamp.org\/2018\/wp-json\/wp\/v2\/pages\/1003","targetHints":{"allow":["GET"]}}],"collection":[{"href":"https:\/\/sanjose.wordcamp.org\/2018\/wp-json\/wp\/v2\/pages"}],"about":[{"href":"https:\/\/sanjose.wordcamp.org\/2018\/wp-json\/wp\/v2\/types\/page"}],"author":[{"embeddable":true,"href":"https:\/\/sanjose.wordcamp.org\/2018\/wp-json\/wp\/v2\/users\/319559"}],"replies":[{"embeddable":true,"href":"https:\/\/sanjose.wordcamp.org\/2018\/wp-json\/wp\/v2\/comments?post=1003"}],"version-history":[{"count":5,"href":"https:\/\/sanjose.wordcamp.org\/2018\/wp-json\/wp\/v2\/pages\/1003\/revisions"}],"predecessor-version":[{"id":1590,"href":"https:\/\/sanjose.wordcamp.org\/2018\/wp-json\/wp\/v2\/pages\/1003\/revisions\/1590"}],"up":[{"embeddable":true,"href":"https:\/\/sanjose.wordcamp.org\/2018\/wp-json\/wp\/v2\/pages\/193"}],"wp:attachment":[{"href":"https:\/\/sanjose.wordcamp.org\/2018\/wp-json\/wp\/v2\/media?parent=1003"}],"curies":[{"name":"wp","href":"https:\/\/api.w.org\/{rel}","templated":true}]}}