{"id":11,"date":"2017-03-31T08:50:58","date_gmt":"2017-03-31T08:50:58","guid":{"rendered":"https:\/\/2017.sanjose.wordcamp.org\/location\/"},"modified":"2017-08-30T22:33:27","modified_gmt":"2017-08-30T22:33:27","slug":"location","status":"publish","type":"page","link":"https:\/\/sanjose.wordcamp.org\/2017\/location\/","title":{"rendered":"Venue"},"content":{"rendered":"<p>La Universidad Latina de Costa Rica es una de las pioneras en el desarrollo de la Educaci\u00f3n Superior Privada en el pa\u00eds. Forma parte de la red de universidades m\u00e1s grande a nivel mundial denominada Laureate International Universities, la cual le permite tener contacto con m\u00e1s de 80 universidades e institutos de Educaci\u00f3n Superior en 28 pa\u00edses alrededor del mundo, y con m\u00e1s de un mill\u00f3n de estudiantes para una formaci\u00f3n con visi\u00f3n global.<\/p>\n<p><img data-recalc-dims=\"1\" loading=\"lazy\" decoding=\"async\" data-attachment-id=\"563\" data-permalink=\"https:\/\/sanjose.wordcamp.org\/2017\/location\/whatsapp-image-2017-06-15-at-3-40-01-pm\/\" data-orig-file=\"https:\/\/i0.wp.com\/sanjose.wordcamp.org\/2017\/files\/2017\/03\/WhatsApp-Image-2017-06-15-at-3.40.01-PM.jpeg?fit=1280%2C960&amp;ssl=1\" data-orig-size=\"1280,960\" data-comments-opened=\"1\" data-image-meta=\"{&quot;aperture&quot;:&quot;0&quot;,&quot;credit&quot;:&quot;&quot;,&quot;camera&quot;:&quot;&quot;,&quot;caption&quot;:&quot;&quot;,&quot;created_timestamp&quot;:&quot;0&quot;,&quot;copyright&quot;:&quot;&quot;,&quot;focal_length&quot;:&quot;0&quot;,&quot;iso&quot;:&quot;0&quot;,&quot;shutter_speed&quot;:&quot;0&quot;,&quot;title&quot;:&quot;&quot;,&quot;orientation&quot;:&quot;0&quot;}\" data-image-title=\"WhatsApp Image 2017-06-15 at 3.40.01 PM\" data-image-description=\"\" data-image-caption=\"\" data-large-file=\"https:\/\/i0.wp.com\/sanjose.wordcamp.org\/2017\/files\/2017\/03\/WhatsApp-Image-2017-06-15-at-3.40.01-PM.jpeg?fit=525%2C394&amp;ssl=1\" class=\"alignnone size-full wp-image-563\" style=\"width: 100%\" src=\"https:\/\/i0.wp.com\/2017.sanjose.wordcamp.org\/files\/2017\/03\/WhatsApp-Image-2017-06-15-at-3.40.01-PM.jpeg?resize=990%2C743&#038;ssl=1\" alt=\"\" width=\"990\" height=\"743\" srcset=\"https:\/\/i0.wp.com\/sanjose.wordcamp.org\/2017\/files\/2017\/03\/WhatsApp-Image-2017-06-15-at-3.40.01-PM.jpeg?w=1280&amp;ssl=1 1280w, https:\/\/i0.wp.com\/sanjose.wordcamp.org\/2017\/files\/2017\/03\/WhatsApp-Image-2017-06-15-at-3.40.01-PM.jpeg?resize=300%2C225&amp;ssl=1 300w, https:\/\/i0.wp.com\/sanjose.wordcamp.org\/2017\/files\/2017\/03\/WhatsApp-Image-2017-06-15-at-3.40.01-PM.jpeg?resize=768%2C576&amp;ssl=1 768w, https:\/\/i0.wp.com\/sanjose.wordcamp.org\/2017\/files\/2017\/03\/WhatsApp-Image-2017-06-15-at-3.40.01-PM.jpeg?resize=1024%2C768&amp;ssl=1 1024w, https:\/\/i0.wp.com\/sanjose.wordcamp.org\/2017\/files\/2017\/03\/WhatsApp-Image-2017-06-15-at-3.40.01-PM.jpeg?resize=400%2C300&amp;ssl=1 400w\" sizes=\"auto, (max-width: 767px) 89vw, (max-width: 1000px) 54vw, (max-width: 1071px) 543px, 580px\" \/><\/p>\n<p>En sus m\u00e1s de 25 a\u00f1os de trayectoria, la Universidad Latina de Costa Rica ha demostrado un gran compromiso por transformar al pa\u00eds, tanto en el \u00e1mbito educativo como en el social.<\/p>\n<p>Hoy en d\u00eda la Universidad Latina de Costa Rica posee m\u00e1s de 70 carreras, 7 Facultades y 10 Sedes, y es la Universidad privada con mayor n\u00famero de carreras acreditadas ante el Sistema Nacional de Acreditaci\u00f3n de la Educaci\u00f3n Superior (SINAES).<\/p>\n<p><img data-recalc-dims=\"1\" loading=\"lazy\" decoding=\"async\" data-attachment-id=\"562\" data-permalink=\"https:\/\/sanjose.wordcamp.org\/2017\/location\/whatsapp-image-2017-06-15-at-3-39-46-pm\/\" data-orig-file=\"https:\/\/i0.wp.com\/sanjose.wordcamp.org\/2017\/files\/2017\/03\/WhatsApp-Image-2017-06-15-at-3.39.46-PM.jpeg?fit=1280%2C960&amp;ssl=1\" data-orig-size=\"1280,960\" data-comments-opened=\"1\" data-image-meta=\"{&quot;aperture&quot;:&quot;0&quot;,&quot;credit&quot;:&quot;&quot;,&quot;camera&quot;:&quot;&quot;,&quot;caption&quot;:&quot;&quot;,&quot;created_timestamp&quot;:&quot;0&quot;,&quot;copyright&quot;:&quot;&quot;,&quot;focal_length&quot;:&quot;0&quot;,&quot;iso&quot;:&quot;0&quot;,&quot;shutter_speed&quot;:&quot;0&quot;,&quot;title&quot;:&quot;&quot;,&quot;orientation&quot;:&quot;0&quot;}\" data-image-title=\"WhatsApp Image 2017-06-15 at 3.39.46 PM\" data-image-description=\"\" data-image-caption=\"\" data-large-file=\"https:\/\/i0.wp.com\/sanjose.wordcamp.org\/2017\/files\/2017\/03\/WhatsApp-Image-2017-06-15-at-3.39.46-PM.jpeg?fit=525%2C394&amp;ssl=1\" class=\"alignnone size-full wp-image-562\" style=\"width: 100%\" src=\"https:\/\/i0.wp.com\/2017.sanjose.wordcamp.org\/files\/2017\/03\/WhatsApp-Image-2017-06-15-at-3.39.46-PM.jpeg?resize=990%2C743&#038;ssl=1\" alt=\"\" width=\"990\" height=\"743\" srcset=\"https:\/\/i0.wp.com\/sanjose.wordcamp.org\/2017\/files\/2017\/03\/WhatsApp-Image-2017-06-15-at-3.39.46-PM.jpeg?w=1280&amp;ssl=1 1280w, https:\/\/i0.wp.com\/sanjose.wordcamp.org\/2017\/files\/2017\/03\/WhatsApp-Image-2017-06-15-at-3.39.46-PM.jpeg?resize=300%2C225&amp;ssl=1 300w, https:\/\/i0.wp.com\/sanjose.wordcamp.org\/2017\/files\/2017\/03\/WhatsApp-Image-2017-06-15-at-3.39.46-PM.jpeg?resize=768%2C576&amp;ssl=1 768w, https:\/\/i0.wp.com\/sanjose.wordcamp.org\/2017\/files\/2017\/03\/WhatsApp-Image-2017-06-15-at-3.39.46-PM.jpeg?resize=1024%2C768&amp;ssl=1 1024w, https:\/\/i0.wp.com\/sanjose.wordcamp.org\/2017\/files\/2017\/03\/WhatsApp-Image-2017-06-15-at-3.39.46-PM.jpeg?resize=400%2C300&amp;ssl=1 400w\" sizes=\"auto, (max-width: 767px) 89vw, (max-width: 1000px) 54vw, (max-width: 1071px) 543px, 580px\" \/><\/p>\n<p><strong>\u00bfC\u00f3mo llegar?<\/strong><\/p>\n<p>Localizada en el cant\u00f3n de Lourdes de Montes de Oca en el Distrito de San Pedro, provincia de San Jos\u00e9, pod\u00e9s llegar en carro, bus o tren. La universidad contar\u00e1 con parqueos disponibles para los asistentes. Aunque el parqueo es limitado, pod\u00e9s dejar tu carro en las calles al costado de la universidad, por la l\u00ednea del tren.<\/p>\n<p>Direcci\u00f3n: 100 mts norte de Mu\u00f1oz y Nanne en Lourdes Montes de Oca<br \/>\nSan Pedro, San Jose, Costa Rica<\/p>\n<p>Para horarios de trenes y buses, puedes consultar en:\u00a0 <a href=\"http:\/\/www.incofer.go.cr\/tren-urbano-cartago-estacion-atlantico\/\">http:\/\/www.incofer.go.cr\/tren-urbano-cartago-estacion-atlantico\/<\/a><\/p>\n<p><img data-recalc-dims=\"1\" loading=\"lazy\" decoding=\"async\" data-attachment-id=\"561\" data-permalink=\"https:\/\/sanjose.wordcamp.org\/2017\/location\/whatsapp-image-2017-06-15-at-4-50-45-pm\/\" data-orig-file=\"https:\/\/i0.wp.com\/sanjose.wordcamp.org\/2017\/files\/2017\/03\/WhatsApp-Image-2017-06-15-at-4.50.45-PM.jpeg?fit=1280%2C855&amp;ssl=1\" data-orig-size=\"1280,855\" data-comments-opened=\"1\" data-image-meta=\"{&quot;aperture&quot;:&quot;0&quot;,&quot;credit&quot;:&quot;&quot;,&quot;camera&quot;:&quot;&quot;,&quot;caption&quot;:&quot;&quot;,&quot;created_timestamp&quot;:&quot;0&quot;,&quot;copyright&quot;:&quot;&quot;,&quot;focal_length&quot;:&quot;0&quot;,&quot;iso&quot;:&quot;0&quot;,&quot;shutter_speed&quot;:&quot;0&quot;,&quot;title&quot;:&quot;&quot;,&quot;orientation&quot;:&quot;0&quot;}\" data-image-title=\"WhatsApp Image 2017-06-15 at 4.50.45 PM\" data-image-description=\"\" data-image-caption=\"\" data-large-file=\"https:\/\/i0.wp.com\/sanjose.wordcamp.org\/2017\/files\/2017\/03\/WhatsApp-Image-2017-06-15-at-4.50.45-PM.jpeg?fit=525%2C351&amp;ssl=1\" class=\"alignnone size-full wp-image-561\" style=\"width: 100%\" src=\"https:\/\/i0.wp.com\/2017.sanjose.wordcamp.org\/files\/2017\/03\/WhatsApp-Image-2017-06-15-at-4.50.45-PM.jpeg?resize=990%2C661&#038;ssl=1\" alt=\"\" width=\"990\" height=\"661\" srcset=\"https:\/\/i0.wp.com\/sanjose.wordcamp.org\/2017\/files\/2017\/03\/WhatsApp-Image-2017-06-15-at-4.50.45-PM.jpeg?w=1280&amp;ssl=1 1280w, https:\/\/i0.wp.com\/sanjose.wordcamp.org\/2017\/files\/2017\/03\/WhatsApp-Image-2017-06-15-at-4.50.45-PM.jpeg?resize=300%2C200&amp;ssl=1 300w, https:\/\/i0.wp.com\/sanjose.wordcamp.org\/2017\/files\/2017\/03\/WhatsApp-Image-2017-06-15-at-4.50.45-PM.jpeg?resize=768%2C513&amp;ssl=1 768w, https:\/\/i0.wp.com\/sanjose.wordcamp.org\/2017\/files\/2017\/03\/WhatsApp-Image-2017-06-15-at-4.50.45-PM.jpeg?resize=1024%2C684&amp;ssl=1 1024w, https:\/\/i0.wp.com\/sanjose.wordcamp.org\/2017\/files\/2017\/03\/WhatsApp-Image-2017-06-15-at-4.50.45-PM.jpeg?resize=449%2C300&amp;ssl=1 449w\" sizes=\"auto, (max-width: 767px) 89vw, (max-width: 1000px) 54vw, (max-width: 1071px) 543px, 580px\" \/><\/p>\n","protected":false},"excerpt":{"rendered":"<p>La Universidad Latina de Costa Rica es una de las pioneras en el desarrollo de la Educaci\u00f3n Superior Privada en el pa\u00eds. Forma parte de la red de universidades m\u00e1s grande a nivel mundial denominada Laureate International Universities, la cual le permite tener contacto con m\u00e1s de 80 universidades e institutos de Educaci\u00f3n Superior en &hellip; <\/p>\n<p class=\"link-more\"><a href=\"https:\/\/sanjose.wordcamp.org\/2017\/location\/\" class=\"more-link\">Continuar leyendo<span class=\"screen-reader-text\"> \u00abVenue\u00bb<\/span><\/a><\/p>\n","protected":false},"author":7579285,"featured_media":0,"parent":0,"menu_order":0,"comment_status":"closed","ping_status":"closed","template":"","meta":{"_crdt_document":"","jetpack_post_was_ever_published":false,"footnotes":""},"class_list":["post-11","page","type-page","status-publish","hentry"],"jetpack_sharing_enabled":true,"jetpack_shortlink":"https:\/\/wp.me\/P8zBjl-b","jetpack-related-posts":[{"id":90,"url":"https:\/\/sanjose.wordcamp.org\/2017\/","url_meta":{"origin":11,"position":0},"title":"Inicio","author":"remediosgraphic","date":"junio 6, 2017","format":false,"excerpt":"\u00a1Se acab\u00f3 la espera!, ya puedes reservar tu entrada para WordCamp San Jos\u00e9 2017 WordCamp San Jos\u00e9 es un evento oficial de WordPress, respaldado por la fundaci\u00f3n WordPress, los eventos se realizan a lo largo del mundo por comunidades locales, exigiendo a estas \u00a0est\u00e1ndares de calidad tanto en el contenido\u2026","rel":"","context":"Entrada similar","block_context":{"text":"Entrada similar","link":""},"img":{"alt_text":"","src":"https:\/\/i0.wp.com\/2017.sanjose.wordcamp.org\/files\/2017\/06\/Charlas-300x273.png?resize=350%2C200&ssl=1","width":350,"height":200},"classes":[]},{"id":2433,"url":"https:\/\/sanjose.wordcamp.org\/2017\/como-llegar-al-wordcamp-san-jose-2017\/","url_meta":{"origin":11,"position":1},"title":"\u00bfC\u00f3mo llegar al Wordcamp San Jos\u00e9 2017?","author":"Lidia Arroyo Vargas","date":"agosto 30, 2017","format":false,"excerpt":"WordCamp San Jos\u00e9 2017 se celebrar\u00e1 en el edificio C de\u00a0 la Universidad Latina, a continuaci\u00f3n tienes toda la informaci\u00f3n de su localizaci\u00f3n y c\u00f3mo llegar. Direcci\u00f3n: 100 mts norte de Mu\u00f1oz y Nanne en Lourdes Montes de Oca San Pedro, San Jose, Costa Rica C\u00f3mo llegar: Autobus: Santa Marta\/San\u2026","rel":"","context":"Entrada similar","block_context":{"text":"Entrada similar","link":""},"img":{"alt_text":"","src":"https:\/\/i0.wp.com\/2017.sanjose.wordcamp.org\/files\/2017\/08\/Imagen-1-1024x588.png?resize=350%2C200&ssl=1","width":350,"height":200,"srcset":"https:\/\/i0.wp.com\/2017.sanjose.wordcamp.org\/files\/2017\/08\/Imagen-1-1024x588.png?resize=350%2C200&ssl=1 1x, https:\/\/i0.wp.com\/2017.sanjose.wordcamp.org\/files\/2017\/08\/Imagen-1-1024x588.png?resize=525%2C300&ssl=1 1.5x, https:\/\/i0.wp.com\/2017.sanjose.wordcamp.org\/files\/2017\/08\/Imagen-1-1024x588.png?resize=700%2C400&ssl=1 2x"},"classes":[]},{"id":133,"url":"https:\/\/sanjose.wordcamp.org\/2017\/llamado-a-speakers\/","url_meta":{"origin":11,"position":2},"title":"Llamado a Speakers","author":"elpuas","date":"junio 11, 2017","format":false,"excerpt":"El a\u00f1o 2016 tuvimos nuestro primer WordCamp en Costa Rica, realizado en San Jos\u00e9, el cual fue todo un \u00e9xito y este a\u00f1o vamos por mucho m\u00e1s.\u00a0Queremos que sea un evento memorable y que seas parte de nuestra legendaria lista de expositores. Nos reuniremos el pr\u00f3ximo 2 y 3 de\u2026","rel":"","context":"Entrada similar","block_context":{"text":"Entrada similar","link":""},"img":{"alt_text":"","src":"https:\/\/i0.wp.com\/sanjose.wordcamp.org\/2017\/files\/2017\/05\/cropped-cropped-logoWordCampSJ2017.png?fit=512%2C512&resize=350%2C200#038;ssl=1","width":350,"height":200},"classes":[]},{"id":13,"url":"https:\/\/sanjose.wordcamp.org\/2017\/tickets\/","url_meta":{"origin":11,"position":3},"title":"Tickets","author":"elpuas","date":"junio 21, 2017","format":false,"excerpt":"Entradas Costo de la Entrada: $30 Tickets Agotados\/ Sold Out Incluye: Dos d\u00edas de conferencias #WCSJO (S\u00e1bado y Domingo) Alimentaci\u00f3n (almuerzo, caf\u00e9 y snacks) Entrada a la fiesta Wordcamp San Jos\u00e9, Costa Rica 2017 \u00a0Camiseta y regalos promocionales. ( Las camisetas s\u00f3lo se garantizan si el boleto se compra antes\u2026","rel":"","context":"Entrada similar","block_context":{"text":"Entrada similar","link":""},"img":{"alt_text":"","src":"https:\/\/i0.wp.com\/sanjose.wordcamp.org\/2017\/files\/2017\/05\/cropped-cropped-logoWordCampSJ2017.png?fit=512%2C512&resize=350%2C200#038;ssl=1","width":350,"height":200},"classes":[]},{"id":155,"url":"https:\/\/sanjose.wordcamp.org\/2017\/codigo-de-conducta\/","url_meta":{"origin":11,"position":4},"title":"C\u00f3digo de Conducta","author":"remediosgraphic","date":"junio 11, 2017","format":false,"excerpt":"Prop\u00f3sito WordCamp San Jos\u00e9, Costa Rica cree que nuestra comunidad debe estar abierta para todo el mundo. Como tal, estamos comprometidos a proporcionar un ambiente agradable, seguro y acogedor para todos, independientemente de su sexo, orientaci\u00f3n sexual, discapacidad, etnia, religi\u00f3n, sistema operativo preferido, lenguaje de programaci\u00f3n o editor de texto.\u2026","rel":"","context":"Entrada similar","block_context":{"text":"Entrada similar","link":""},"img":{"alt_text":"","src":"https:\/\/i0.wp.com\/sanjose.wordcamp.org\/2017\/files\/2017\/05\/cropped-cropped-logoWordCampSJ2017.png?fit=512%2C512&resize=350%2C200#038;ssl=1","width":350,"height":200},"classes":[]},{"id":2103,"url":"https:\/\/sanjose.wordcamp.org\/2017\/late-access\/","url_meta":{"origin":11,"position":5},"title":"Late Access","author":"elpuas","date":"agosto 17, 2017","format":false,"excerpt":"Entrada Late Access Costo de la Entrada: $15 Incluye: Dos d\u00edas de conferencias #WCSJO (S\u00e1bado y Domingo) No Incluye Almuerzo No Incluye Camiseta del evento","rel":"","context":"Entrada similar","block_context":{"text":"Entrada similar","link":""},"img":{"alt_text":"","src":"https:\/\/i0.wp.com\/sanjose.wordcamp.org\/2017\/files\/2017\/05\/cropped-cropped-logoWordCampSJ2017.png?fit=512%2C512&resize=350%2C200#038;ssl=1","width":350,"height":200},"classes":[]}],"jetpack_likes_enabled":true,"_links":{"self":[{"href":"https:\/\/sanjose.wordcamp.org\/2017\/wp-json\/wp\/v2\/pages\/11","targetHints":{"allow":["GET"]}}],"collection":[{"href":"https:\/\/sanjose.wordcamp.org\/2017\/wp-json\/wp\/v2\/pages"}],"about":[{"href":"https:\/\/sanjose.wordcamp.org\/2017\/wp-json\/wp\/v2\/types\/page"}],"author":[{"embeddable":true,"href":"https:\/\/sanjose.wordcamp.org\/2017\/wp-json\/wp\/v2\/users\/7579285"}],"replies":[{"embeddable":true,"href":"https:\/\/sanjose.wordcamp.org\/2017\/wp-json\/wp\/v2\/comments?post=11"}],"version-history":[{"count":13,"href":"https:\/\/sanjose.wordcamp.org\/2017\/wp-json\/wp\/v2\/pages\/11\/revisions"}],"predecessor-version":[{"id":2533,"href":"https:\/\/sanjose.wordcamp.org\/2017\/wp-json\/wp\/v2\/pages\/11\/revisions\/2533"}],"wp:attachment":[{"href":"https:\/\/sanjose.wordcamp.org\/2017\/wp-json\/wp\/v2\/media?parent=11"}],"curies":[{"name":"wp","href":"https:\/\/api.w.org\/{rel}","templated":true}]}}