{"id":648,"date":"2016-09-09T22:00:25","date_gmt":"2016-09-09T22:00:25","guid":{"rendered":"http:\/\/2016.sanjose.wordcamp.org\/?page_id=648"},"modified":"2016-09-09T22:46:18","modified_gmt":"2016-09-09T22:46:18","slug":"encuesta-de-temas-de-speakers-branch-1","status":"publish","type":"page","link":"https:\/\/sanjose.wordcamp.org\/2016\/encuesta-de-temas-de-speakers-branch-1\/","title":{"rendered":"Encuesta de temas de Speakers branch #1"},"content":{"rendered":"<p><img data-recalc-dims=\"1\" loading=\"lazy\" decoding=\"async\" data-attachment-id=\"650\" data-permalink=\"https:\/\/sanjose.wordcamp.org\/2016\/encuesta-de-temas-de-speakers-branch-1\/speakers\/\" data-orig-file=\"https:\/\/i0.wp.com\/sanjose.wordcamp.org\/2016\/files\/2016\/09\/speakers.jpg?fit=800%2C600&amp;ssl=1\" data-orig-size=\"800,600\" data-comments-opened=\"1\" data-image-meta=\"{&quot;aperture&quot;:&quot;0&quot;,&quot;credit&quot;:&quot;&quot;,&quot;camera&quot;:&quot;&quot;,&quot;caption&quot;:&quot;&quot;,&quot;created_timestamp&quot;:&quot;0&quot;,&quot;copyright&quot;:&quot;&quot;,&quot;focal_length&quot;:&quot;0&quot;,&quot;iso&quot;:&quot;0&quot;,&quot;shutter_speed&quot;:&quot;0&quot;,&quot;title&quot;:&quot;&quot;,&quot;orientation&quot;:&quot;0&quot;}\" data-image-title=\"speakers\" data-image-description=\"\" data-image-caption=\"\" data-medium-file=\"https:\/\/i0.wp.com\/sanjose.wordcamp.org\/2016\/files\/2016\/09\/speakers.jpg?fit=300%2C225&amp;ssl=1\" data-large-file=\"https:\/\/i0.wp.com\/sanjose.wordcamp.org\/2016\/files\/2016\/09\/speakers.jpg?fit=640%2C480&amp;ssl=1\" src=\"https:\/\/i0.wp.com\/2016.sanjose.wordcamp.org\/files\/2016\/09\/speakers.jpg?resize=640%2C480\" alt=\"speakers\" width=\"640\" height=\"480\" class=\"aligncenter size-full wp-image-650\" srcset=\"https:\/\/i0.wp.com\/sanjose.wordcamp.org\/2016\/files\/2016\/09\/speakers.jpg?w=800&amp;ssl=1 800w, https:\/\/i0.wp.com\/sanjose.wordcamp.org\/2016\/files\/2016\/09\/speakers.jpg?resize=300%2C225&amp;ssl=1 300w, https:\/\/i0.wp.com\/sanjose.wordcamp.org\/2016\/files\/2016\/09\/speakers.jpg?resize=768%2C576&amp;ssl=1 768w, https:\/\/i0.wp.com\/sanjose.wordcamp.org\/2016\/files\/2016\/09\/speakers.jpg?resize=400%2C300&amp;ssl=1 400w\" sizes=\"auto, (max-width: 640px) 100vw, 640px\" \/><\/p>\n<p>\u00bfQu\u00e9 temas le gustar\u00eda ver en el WordCam Costa Rica 2016?. Estos son algunas de las charlas que ya hemos recibido. Vota por las que mas te gusten, puede sugerir un tema si lo deseas y hacer seleccion multiple. Anunciaremos un primer grupo de speakers el 19 de septiembre y tu opini\u00f3n es importante para nosotros. Tomaremos en cuenta los resultados de la encuesta y la selecci\u00f3n por parte del grupo de organizadores. Como aclaraci\u00f3n, la selecci\u00f3n es parecida a \u00e9sta, solo compartimos t\u00edtulo de charla y detalles. Tambi\u00e9n, toma en cuenta que esperamos tu propuesta hasta el d\u00eda 1ro de Octubre, aunque tendremos definidas parte de las charlas d\u00edas antes. Entre m\u00e1s pronto env\u00edes tu charla, m\u00e1s posibilidades tendr\u00e1s de ser seleccionado.<\/p>\n<a id=\"pd_a_9519115\"><\/a><div class=\"CSS_Poll PDS_Poll\" id=\"PDI_container9519115\" style=\"\"><\/div><div id=\"PD_superContainer\"><\/div><noscript><a href=\"https:\/\/polldaddy.com\/p\/9519115\" target=\"_blank\" rel=\"noopener noreferrer\">Take Our Poll<\/a><\/noscript>\n","protected":false},"excerpt":{"rendered":"<p>\u00bfQu\u00e9 temas le gustar\u00eda ver en el WordCam Costa Rica 2016?. Estos son algunas de las charlas que ya hemos recibido. Vota por las que mas te gusten, puede sugerir un tema si lo deseas y hacer seleccion multiple. Anunciaremos &hellip; <a href=\"https:\/\/sanjose.wordcamp.org\/2016\/encuesta-de-temas-de-speakers-branch-1\/\">Continue reading <span class=\"assistive-text\">Encuesta de temas de Speakers branch #1<\/span>  <span class=\"meta-nav\">&rarr;<\/span><\/a><\/p>\n","protected":false},"author":319559,"featured_media":0,"parent":0,"menu_order":0,"comment_status":"closed","ping_status":"closed","template":"","meta":{"jetpack_post_was_ever_published":false,"footnotes":""},"class_list":["post-648","page","type-page","status-publish","hentry"],"jetpack_sharing_enabled":true,"jetpack_shortlink":"https:\/\/wp.me\/P7DKHr-as","jetpack-related-posts":[{"id":797,"url":"https:\/\/sanjose.wordcamp.org\/2016\/programa\/charlas\/","url_meta":{"origin":648,"position":0},"title":"Charlas","author":"remediosgraphic","date":"September 25, 2016","format":false,"excerpt":"","rel":"","context":"Similar post","block_context":{"text":"Similar post","link":""},"img":{"alt_text":"","src":"https:\/\/i0.wp.com\/sanjose.wordcamp.org\/2016\/files\/2016\/08\/cropped-wordcampSanJose-1-1.png?fit=512%2C512&resize=350%2C200#038;ssl=1","width":350,"height":200},"classes":[]},{"id":118,"url":"https:\/\/sanjose.wordcamp.org\/2016\/contactenos\/codigo-de-conducta\/","url_meta":{"origin":648,"position":1},"title":"C\u00f3digo de Conducta","author":"remediosgraphic","date":"August 28, 2016","format":false,"excerpt":"Prop\u00f3sito WordCamp San Jos\u00e9, Costa Rica cree que nuestra comunidad debe estar abierta para todo el mundo. Como tal, estamos comprometidos a proporcionar un ambiente agradable, seguro y acogedor para todos, independientemente de su sexo, orientaci\u00f3n sexual, discapacidad, etnia, religi\u00f3n, sistema operativo preferido, lenguaje de programaci\u00f3n o editor de texto.\u2026","rel":"","context":"Similar post","block_context":{"text":"Similar post","link":""},"img":{"alt_text":"","src":"https:\/\/i0.wp.com\/sanjose.wordcamp.org\/2016\/files\/2016\/08\/cropped-wordcampSanJose-1-1.png?fit=512%2C512&resize=350%2C200#038;ssl=1","width":350,"height":200},"classes":[]},{"id":120,"url":"https:\/\/sanjose.wordcamp.org\/2016\/sponsors\/como-ayudar\/","url_meta":{"origin":648,"position":2},"title":"Niveles de patrocinio","author":"remediosgraphic","date":"August 28, 2016","format":false,"excerpt":"Niveles de patrocinio que ofrecemos: Opci\u00f3n 1 \u2013 Patrocinador Platino (Aportaci\u00f3n: $1.000) 4 Entradas para el WordCamp. 2 Invitaciones para participar en la cena de patrocinadores y expositores. Presencia global durante el WordCamp con la opci\u00f3n de Carteler\u00eda de gran tama\u00f1o en el sal\u00f3n del evento. Posibilidad de inclusi\u00f3n publicitaria\u2026","rel":"","context":"Similar post","block_context":{"text":"Similar post","link":""},"img":{"alt_text":"","src":"https:\/\/i0.wp.com\/sanjose.wordcamp.org\/2016\/files\/2016\/08\/cropped-wordcampSanJose-1-1.png?fit=512%2C512&resize=350%2C200#038;ssl=1","width":350,"height":200},"classes":[]},{"id":795,"url":"https:\/\/sanjose.wordcamp.org\/2016\/programa\/speakers\/","url_meta":{"origin":648,"position":3},"title":"Speakers","author":"remediosgraphic","date":"September 25, 2016","format":false,"excerpt":"","rel":"","context":"Similar post","block_context":{"text":"Similar post","link":""},"img":{"alt_text":"","src":"https:\/\/i0.wp.com\/sanjose.wordcamp.org\/2016\/files\/2016\/08\/cropped-wordcampSanJose-1-1.png?fit=512%2C512&resize=350%2C200#038;ssl=1","width":350,"height":200},"classes":[]},{"id":1127,"url":"https:\/\/sanjose.wordcamp.org\/2016\/menu-cena-speakers-sponsors\/","url_meta":{"origin":648,"position":4},"title":"Men\u00fa cena speakers sponsors","author":"remediosgraphic","date":"October 9, 2016","format":false,"excerpt":"Queremos invitarte a compartir un rato antes del evento a la cena de speakers y sponsors, la misma se realizar\u00e1 el viernes 4 de Noviembre a las 7:00pm en Caf\u00e9 Mundo (Avenida 9, calle 15, San Jos\u00e9, Costa Rica. Tel\u00e9fono 2222-6190), el lugar tiene parqueo amplio y es muy\u00a0acogedor. Todos\u2026","rel":"","context":"Similar post","block_context":{"text":"Similar post","link":""},"img":{"alt_text":"","src":"https:\/\/i0.wp.com\/sanjose.wordcamp.org\/2016\/files\/2016\/08\/cropped-wordcampSanJose-1-1.png?fit=512%2C512&resize=350%2C200#038;ssl=1","width":350,"height":200},"classes":[]},{"id":114,"url":"https:\/\/sanjose.wordcamp.org\/2016\/venue\/hospedaje\/","url_meta":{"origin":648,"position":5},"title":"Hospedaje","author":"remediosgraphic","date":"August 28, 2016","format":false,"excerpt":"Hotel Ave del Pariaso Hotel Ave del Paraiso - Eco Boutique Hotel ofrece a sus hu\u00e9spedes amplias y atractivas zonas verdes donde pueden relajarse, disfrutar de un buen libro, una conversaci\u00f3n agradable, el canto de los p\u00e1jaros o un simple pero estimulante contacto con la naturaleza. Contiguo al campus de\u2026","rel":"","context":"Similar post","block_context":{"text":"Similar post","link":""},"img":{"alt_text":"","src":"https:\/\/i0.wp.com\/sanjose.wordcamp.org\/2016\/files\/2016\/08\/cropped-wordcampSanJose-1-1.png?fit=512%2C512&resize=350%2C200#038;ssl=1","width":350,"height":200},"classes":[]}],"_links":{"self":[{"href":"https:\/\/sanjose.wordcamp.org\/2016\/wp-json\/wp\/v2\/pages\/648","targetHints":{"allow":["GET"]}}],"collection":[{"href":"https:\/\/sanjose.wordcamp.org\/2016\/wp-json\/wp\/v2\/pages"}],"about":[{"href":"https:\/\/sanjose.wordcamp.org\/2016\/wp-json\/wp\/v2\/types\/page"}],"author":[{"embeddable":true,"href":"https:\/\/sanjose.wordcamp.org\/2016\/wp-json\/wp\/v2\/users\/319559"}],"replies":[{"embeddable":true,"href":"https:\/\/sanjose.wordcamp.org\/2016\/wp-json\/wp\/v2\/comments?post=648"}],"version-history":[{"count":5,"href":"https:\/\/sanjose.wordcamp.org\/2016\/wp-json\/wp\/v2\/pages\/648\/revisions"}],"predecessor-version":[{"id":654,"href":"https:\/\/sanjose.wordcamp.org\/2016\/wp-json\/wp\/v2\/pages\/648\/revisions\/654"}],"wp:attachment":[{"href":"https:\/\/sanjose.wordcamp.org\/2016\/wp-json\/wp\/v2\/media?parent=648"}],"curies":[{"name":"wp","href":"https:\/\/api.w.org\/{rel}","templated":true}]}}