{"id":120,"date":"2016-08-28T02:54:48","date_gmt":"2016-08-28T02:54:48","guid":{"rendered":"http:\/\/2016.sanjose.wordcamp.org\/?page_id=120"},"modified":"2016-10-10T22:10:32","modified_gmt":"2016-10-10T22:10:32","slug":"como-ayudar","status":"publish","type":"page","link":"https:\/\/sanjose.wordcamp.org\/2016\/sponsors\/como-ayudar\/","title":{"rendered":"Niveles de patrocinio"},"content":{"rendered":"<div class=\"entry-content\">\n<p><strong>Niveles de patrocinio que ofrecemos: <\/strong><strong>Opci\u00f3n 1 <\/strong>\u2013 Patrocinador Platino (Aportaci\u00f3n: $1.000)<\/p>\n<ul>\n<li>4 Entradas para el WordCamp.<\/li>\n<li>2 Invitaciones para participar en la cena de patrocinadores y expositores.<\/li>\n<li>Presencia global durante el WordCamp con la opci\u00f3n de Carteler\u00eda de gran tama\u00f1o en el sal\u00f3n del evento.<\/li>\n<li>Posibilidad de inclusi\u00f3n publicitaria en el \u201cWelcome Pack\u201d (2 folletos y\/o regalo de promoci\u00f3n).<\/li>\n<li>Posibilidad de colocar un rollup en la recepci\u00f3n durante las inscripciones o \u00e1reas de descanso.<\/li>\n<li>Posibilidad de pase de v\u00eddeo publicitario en descansos y cambios de sesi\u00f3n.<\/li>\n<li>Oportunidad de hacer regalos \/ concursos durante el evento.<\/li>\n<li>Logo y Enlace en la p\u00e1gina de WordCamp San Jos\u00e9 2016.<\/li>\n<li>Presencia de marca en banners de gran formato que colocaremos\u00a0en la recepci\u00f3n durante las inscripciones.<\/li>\n<li>Art\u00edculo en la p\u00e1gina web oficial de la WordCamp San Jos\u00e9 2016.<\/li>\n<li>Merchandising en las Mesas (stickers + folletos + objetos con publicidad).<\/li>\n<li>Inclusi\u00f3n de tu logo (tama\u00f1o grande como Patrocinador Platino) en las slides de espera entre sesiones.<\/li>\n<li>Agradecimientos y enlace en todos los correos relacionados con el evento que se env\u00eden a los asistentes, patrocinadores, instituciones y prensa.<\/li>\n<li>Menci\u00f3n en las redes sociales de WordCamp San Jos\u00e9 2016 anunciando el Patrocinio.<\/li>\n<\/ul>\n<p><strong>Opci\u00f3n 2<\/strong> \u2013 Patrocinador Oro (Aportaci\u00f3n $750)<\/p>\n<ul>\n<li>3 Entradas para la WordCamp San Jos\u00e9 2016.<\/li>\n<li>1 Invitaci\u00f3n para participar en la cena de patrocinadores y expositores.<\/li>\n<li>Posibilidad de inclusi\u00f3n publicitaria en el \u201cWelcome Pack\u201d (folleto y\/o regalo de promoci\u00f3n).<\/li>\n<li>Posibilidad de colocar un rollup en la recepci\u00f3n durante las inscripciones o \u00e1reas de descanso.<\/li>\n<li>Posibilidad de pase de v\u00eddeo publicitario en descansos y cambios de sesi\u00f3n.<\/li>\n<li>Oportunidad de hacer regalos \/ concursos durante el evento.<\/li>\n<li>Logo y Enlace en la p\u00e1gina de WordCamp San Jos\u00e9 2016.<\/li>\n<li>Presencia de marca en banners de gran formato que colocaremos en la recepci\u00f3n durante las inscripciones.<\/li>\n<li>Art\u00edculo en la p\u00e1gina web oficial de la WordCamp San Jos\u00e9 2016.<\/li>\n<li>Merchandising en las Mesas (stickers + folleto + objeto de publicidad).<\/li>\n<li>Inclusi\u00f3n de tu logo (tama\u00f1o grande junto a Patrocinadores Oro) en las slides de espera entre sesiones.<\/li>\n<li>Agradecimientos y enlace en todos los correos relacionados con el evento que se env\u00eden a los asistentes, patrocinadores, instituciones y prensa.<\/li>\n<li>Menci\u00f3n en las redes sociales de WordCamp San Jos\u00e9 2016 anunciando el Patrocinio.<\/li>\n<\/ul>\n<p><strong>Opci\u00f3n 3<\/strong> \u2013 Patrocinador Plata (Aportaci\u00f3n $500)<\/p>\n<ul>\n<li>2 Entradas para \u00a0el WordCamp San Jos\u00e9\u00a02016.<\/li>\n<li>1 Invitaci\u00f3n para participar en la cena de patrocinadores y expositores.<\/li>\n<li>Posibilidad de inclusi\u00f3n publicitaria en el \u201cWelcome Pack\u201d ( folleto y\/o regalo de promoci\u00f3n).<\/li>\n<li>Oportunidad de hacer regalos \/ concursos durante el evento.<\/li>\n<li>Logo y Enlace en la p\u00e1gina de WordCamp San Jos\u00e9 2016.<\/li>\n<li>Presencia de marca en banners de gran formato que colocaremos en la recepci\u00f3n durante las inscripciones.<\/li>\n<li>Art\u00edculo en la p\u00e1gina web oficial de la WordCamp San Jos\u00e9 2016.<\/li>\n<li>Merchandising en las Mesas (stickers + folleto).<\/li>\n<li>Inclusi\u00f3n de tu logo (tama\u00f1o mediano junto a Patrocinadores Plata) en las slides de espera entre sesiones.<\/li>\n<li>Agradecimientos y enlace en todos los correos relacionados con el evento que se env\u00eden a los asistentes y patrocinadores.<\/li>\n<li>Menci\u00f3n en las redes sociales de la WordCamp San Jos\u00e9 2016 anunciando el Patrocinio.<\/li>\n<\/ul>\n<p><strong>Opci\u00f3n 4<\/strong> \u2013 Patrocinador Bronce (Aportaci\u00f3n $250 )<\/p>\n<ul>\n<li>1 Entradas para la WordCamp San Jos\u00e9 2016.<\/li>\n<li>Logo y Enlace en la p\u00e1gina de WordCamp San Jos\u00e9 2016.<\/li>\n<li>Art\u00edculo en la p\u00e1gina web oficial de la WordCamp San Jos\u00e9 2016.<\/li>\n<li>Merchandising en las Mesas (folleto).<\/li>\n<li>Inclusi\u00f3n de tu logo (tama\u00f1o peque\u00f1o junto Patrocinadores Bronce) en las slides de espera entre sesiones.<\/li>\n<li>Agradecimientos y enlace en todos los correos relacionados con el evento que se env\u00eden a los asistentes y patrocinadores.<\/li>\n<li>Menci\u00f3n en las redes sociales de la WordCamp San Jos\u00e9 2016 anunciando el Patrocinio.<\/li>\n<\/ul>\n<p><strong>Opci\u00f3n 5<\/strong> \u2013 Patrocinador Freelance (Aportaci\u00f3n $100)<\/p>\n<ul>\n<li>1 Entrada para la WordCamp San Jos\u00e9 2016.<\/li>\n<li>Logo y Enlace en la p\u00e1gina de WordCamp San Jos\u00e9 2016.<\/li>\n<li>Menci\u00f3n en las redes sociales de la WordCamp San Jos\u00e9 2016 anunciando el Patrocinio.<\/li>\n<li>Espacio para compartir sus servicios (folletos y stickers) con el p\u00fablico.<\/li>\n<\/ul>\n<p><strong>Opci\u00f3n 6<\/strong> \u2013 Otros formas de patrocinar<\/p>\n<ul>\n<li><strong>Donaciones<\/strong><br \/>\nAceptamos donaciones en especie. Cualquier ayuda con alimentos, consumibles, cordones, impresi\u00f3n, acreditaciones, pegatinas, etc. ser\u00e1 muy apreciada.<br \/>\nTambi\u00e9n buscamos patrocinios de hoteles. El nivel de patrocinio depender\u00e1 de los art\u00edculos donados, o los niveles de descuento, siguiendo las l\u00edneas anteriores.<br \/>\nY si buscabas patrocinar de alguna otra forma que no aparece aqu\u00ed, por favor contacta con nosotros y cu\u00e9ntanos tu oferta. La intenci\u00f3n es devolver todo lo que podamos a la comunidad de WordPress, as\u00ed que estaremos encantados de trabajar contigo para conseguirlo.<\/li>\n<li><strong>Regalos<\/strong><br \/>\nVamos a celebrar concursos durante todo el d\u00eda. Si tienes art\u00edculos relacionados con WordPress que te gustar\u00eda regalar, ponte en contacto con nosotros para asegurarnos de que aparezcas en los correos y en la p\u00e1gina web.<\/li>\n<\/ul>\n<p>Como pueden \u00a0comprobar ofrecemos posibilidades de Patrocinio para todos los niveles con una compensaci\u00f3n adecuada a cada apoyo.<\/p>\n<p>Para grandes empresas nacionales e internacionales vinculadas a WordPress en su desarrollo y trayectoria.<\/p>\n<p>Para freelances que desarrollan su actividad en WordPress o simplemente quieren adentrarse en ese camino.<\/p>\n<p>Para PYMES que ha desarrollado su presencia web a trav\u00e9s de WordPress.<br \/>\nPara aquellas otras que ofrecen sus servicios a los miembros de la comunidad WordPress y quieren conocerlos mejor o mejorar su imagen de marca entre ellos.<\/p>\n<p>Para cualquier duda que le pueda surgir no dude en ponerse en contacto con nosotros al correo <a href=\"mailto:sanjose@wordcamp.org\">sanjose@wordcamp.org<\/a>.<\/p>\n<p>&nbsp;<\/p>\n<hr \/>\n<p><strong>Sponsorship levels we offer:<\/strong><\/p>\n<p>Option 1 &#8211; Platinum Sponsor (contribution: $ 1,000)<\/p>\n<ul>\n<li>4 tickets for <em>WordCamp San Jos\u00e9 2016<\/em>.<\/li>\n<li>2 Invitations to the dinner of sponsors and speakers.<\/li>\n<li>Global presence during <em>WordCamp San Jos\u00e9 2016<\/em>. Large banners in the venue of the event. \u2022 Advertisement inclusion in the &#8220;Welcome Pack&#8221; (2 brochures and \/ or freebie).<\/li>\n<li>Placement of a rollup at the reception or rest areas.<\/li>\n<li>Advertisement Videos during breaks and session changes.<\/li>\n<li>Opportunity to make gifts \/ contests during the event.<\/li>\n<li>Logo and link on the page <em>WordCamp San Jos\u00e9 2016.<\/em><\/li>\n<li>Brand presence in large banners that will be placed at the reception during registration process.<\/li>\n<li>Article on the official website of the <em>WordCamp San Jos\u00e9 2016<\/em><\/li>\n<li>Merchandising in Tables (stickers + objects brochures advertising).<\/li>\n<li>Inclusion of your logo in the waiting slides between sessions.<\/li>\n<li>Acknowledgements and links in all related emails sent to attendees, sponsors, institutions and press.<\/li>\n<li>Mention on official social networks of <em>WordCamp San Jos\u00e9 2016<\/em> announcing the sponsorship.<\/li>\n<\/ul>\n<p>Option 2 &#8211; Gold Sponsor (Contribution $ 750)<\/p>\n<ul>\n<li>3 tickets for WordCamp San Jos\u00e9 2016.<\/li>\n<li>1 Invitation to the dinner of sponsors and speakers.<\/li>\n<li>Advertisement inclusion in the &#8220;Welcome Pack&#8221; (brochure and \/ or freebie).<\/li>\n<li>Placement of rollup at the reception or rest areas.<\/li>\n<li>Advertisement Videos during breaks and session changes.<\/li>\n<li>Opportunity to make gifts \/ contests during the event.<\/li>\n<li>Logo and link on the page <em>WordCamp San Jos\u00e9 2016<\/em><\/li>\n<\/ul>\n<p>Brand presence in large banners that will be placed at the reception during registration process.<\/p>\n<ul>\n<li>Article on the official website of the <em>WordCamp San Jos\u00e9 2016.<\/em><\/li>\n<li>Merchandising in Tables (stickers + brochure advertised).<\/li>\n<li>Inclusion of your logo in the waiting slides between sessions.<\/li>\n<li>Acknowledgements and links in all related emails sent to attendees, sponsors, institutions and press.<\/li>\n<li>Mention on official social networks of <em>WordCamp San Jos\u00e9 2016<\/em> announcing the sponsorship.<\/li>\n<\/ul>\n<p>Option 3 &#8211; Silver Sponsor (Contribution $ 500)<\/p>\n<ul>\n<li>2 tickets for <em>WordCamp San Jos\u00e9 2016.<\/em><\/li>\n<li>1 Invitation to the dinner of sponsors and speakers.<\/li>\n<li>Advertisement inclusion in the &#8220;Welcome Pack&#8221; (2 brochures and \/ or freebie).<\/li>\n<li>Opportunity to make gifts \/ competitions during the event.<\/li>\n<li>Logo and link on the page <em>WordCamp San Jos\u00e9 2016<\/em><\/li>\n<li>Brand presence in large banners that will be placed at the reception during registration process.<\/li>\n<li>Article on the official website of the <em>WordCamp San Jos\u00e9 2016<\/em><\/li>\n<li>Merchandising in Tables (stickers + booklet).<\/li>\n<li>Inclusion of your logo in the waiting slides between sessions<\/li>\n<li>Acknowledgements and links in all related emails sent to attendees, sponsors, institutions and press.<\/li>\n<li>Mention on official social networks of <em>WordCamp San Jos\u00e9 2016<\/em> announcing the sponsorship.<\/li>\n<\/ul>\n<p>Option 4 &#8211; Bronze Sponsor (Contribution $ 250)<\/p>\n<ul>\n<li>1 ticket for <em>WordCamp San Jos\u00e9 2016.<\/em><\/li>\n<li>Logo and link on the page <em>WordCamp San Jos\u00e9 2016.<\/em><\/li>\n<li>Article on the official website of the <em>WordCamp San Jos\u00e9 2016.<\/em><\/li>\n<li>Merchandising in Tables (booklet).<\/li>\n<li>Inclusion of your logo in the waiting slides between sessions.<\/li>\n<li>Acknowledgements and links in all related emails sent to attendees, sponsors, institutions and press.<\/li>\n<\/ul>\n<p>&nbsp;<\/p>\n<ul>\n<li>Mention on official social networks of <em>WordCamp San Jos\u00e9 2016<\/em> announcing the sponsorship.<\/li>\n<\/ul>\n<p>Option 5 &#8211; Sponsor Freelance (Contribution $ 100)<\/p>\n<ul>\n<li>1 Ticket for the <em>WordCamp San Jos\u00e9 2016<\/em><\/li>\n<li>Logo and link on the page <em>WordCamp San Jos\u00e9 2016<\/em><\/li>\n<li>Mention on official social networks of <em>WordCamp San Jos\u00e9 2016<\/em> announcing the sponsorship.<\/li>\n<li>Sharing Space services (brochures and stickers) with the public.<\/li>\n<\/ul>\n<p>&nbsp;<\/p>\n<p>Option 6 &#8211; Other forms of sponsoring<\/p>\n<ul>\n<li>Donations<\/li>\n<\/ul>\n<p>We accept donations in kind. Any help with food, supplies, laces, printing, badges, stickers, etc. It will be greatly appreciated.<\/p>\n<p>We also seek sponsorships hotels. The level of sponsorship will depend on donated items or discount levels, following the previous lines.<\/p>\n<p>And if you were looking to sponsor otherwise not listed here, please contact us and tell us your offer. The intention is to return everything that we can to the WordPress community, so we will be happy to work with you to get it.<\/p>\n<ul>\n<li>Gifts<\/li>\n<\/ul>\n<p>We will hold contests throughout the day. If you have related to WordPress you like to give, please contact us to make sure they show up in the mail and on the website articles.<\/p>\n<p>As you can see we offer sponsorship opportunities for all levels with adequate compensation to each support : for large national and international companies linked to WordPress in its development and career, for freelances who work with WordPress or just want to get into that path, for SME that have developed its web presence through WordPress and for those others who offer their services to members of the WordPress community and want to know them better or improve their brand image among them.<\/p>\n<p>For any questions that may arise do not hesitate to contact us at <a href=\"mailto:sanjose@wordcamp.org\">sanjose@wordcamp.org<\/a>.mail.<\/p>\n<p>&nbsp;<\/p>\n<p>&nbsp;<\/p>\n<\/div>\n","protected":false},"excerpt":{"rendered":"<p>Niveles de patrocinio que ofrecemos: Opci\u00f3n 1 \u2013 Patrocinador Platino (Aportaci\u00f3n: $1.000) 4 Entradas para el WordCamp. 2 Invitaciones para participar en la cena de patrocinadores y expositores. Presencia global durante el WordCamp con la opci\u00f3n de Carteler\u00eda de gran &hellip; <a href=\"https:\/\/sanjose.wordcamp.org\/2016\/sponsors\/como-ayudar\/\">Continue reading <span class=\"assistive-text\">Niveles de patrocinio<\/span>  <span class=\"meta-nav\">&rarr;<\/span><\/a><\/p>\n","protected":false},"author":319559,"featured_media":0,"parent":110,"menu_order":0,"comment_status":"closed","ping_status":"closed","template":"","meta":{"jetpack_post_was_ever_published":false,"footnotes":""},"class_list":["post-120","page","type-page","status-publish","hentry"],"jetpack_sharing_enabled":true,"jetpack_shortlink":"https:\/\/wp.me\/P7DKHr-1W","jetpack-related-posts":[{"id":182,"url":"https:\/\/sanjose.wordcamp.org\/2016\/tickets\/","url_meta":{"origin":120,"position":0},"title":"Tickets","author":"remediosgraphic","date":"August 28, 2016","format":false,"excerpt":"Entradas Tu entrada a la conferencia de WordCamp San Jos\u00e9, Costa Rica 2016 acredita para: Un d\u00eda de conferencias #WCCR (s\u00e1bado). Almuerzo, caf\u00e9 y snacks durante el d\u00eda. D\u00eda de comunidad #WCCR* (domingo). Entrada a la fiesta de WordCamp San Jos\u00e9, Costa Rica 2016. Camiseta y otros regalos promocionales. *El\u2026","rel":"","context":"Similar post","block_context":{"text":"Similar post","link":""},"img":{"alt_text":"","src":"https:\/\/i0.wp.com\/sanjose.wordcamp.org\/2016\/files\/2016\/08\/cropped-wordcampSanJose-1-1.png?fit=512%2C512&resize=350%2C200#038;ssl=1","width":350,"height":200},"classes":[]},{"id":1311,"url":"https:\/\/sanjose.wordcamp.org\/2016\/tickets\/microsponsor\/","url_meta":{"origin":120,"position":1},"title":"Microsponsor","author":"remediosgraphic","date":"October 13, 2016","format":false,"excerpt":"WordCamp San Jos\u00e9, Costa Rica 2016 Micropatrocinio Es tu oportunidad de conseguir una entrada para WordCamp San Jos\u00e9, Costa Rica 2016 demostrando un poco m\u00e1s de amor por el evento. Tu nombre y logotipo aparecer\u00e1n en la web WordCamp San Jos\u00e9, Costa Rica 2016 cuando se publique el post de\u2026","rel":"","context":"Similar post","block_context":{"text":"Similar post","link":""},"img":{"alt_text":"","src":"https:\/\/i0.wp.com\/sanjose.wordcamp.org\/2016\/files\/2016\/08\/cropped-wordcampSanJose-1-1.png?fit=512%2C512&resize=350%2C200#038;ssl=1","width":350,"height":200},"classes":[]},{"id":118,"url":"https:\/\/sanjose.wordcamp.org\/2016\/contactenos\/codigo-de-conducta\/","url_meta":{"origin":120,"position":2},"title":"C\u00f3digo de Conducta","author":"remediosgraphic","date":"August 28, 2016","format":false,"excerpt":"Prop\u00f3sito WordCamp San Jos\u00e9, Costa Rica cree que nuestra comunidad debe estar abierta para todo el mundo. Como tal, estamos comprometidos a proporcionar un ambiente agradable, seguro y acogedor para todos, independientemente de su sexo, orientaci\u00f3n sexual, discapacidad, etnia, religi\u00f3n, sistema operativo preferido, lenguaje de programaci\u00f3n o editor de texto.\u2026","rel":"","context":"Similar post","block_context":{"text":"Similar post","link":""},"img":{"alt_text":"","src":"https:\/\/i0.wp.com\/sanjose.wordcamp.org\/2016\/files\/2016\/08\/cropped-wordcampSanJose-1-1.png?fit=512%2C512&resize=350%2C200#038;ssl=1","width":350,"height":200},"classes":[]},{"id":106,"url":"https:\/\/sanjose.wordcamp.org\/2016\/venue\/","url_meta":{"origin":120,"position":3},"title":"Venue","author":"remediosgraphic","date":"August 28, 2016","format":false,"excerpt":"La Universidad de Costa Rica (UCR) es una universidad p\u00fablica de la Rep\u00fablica de Costa Rica, en Centroam\u00e9rica. Su campus principal, Ciudad Universitaria Rodrigo Facio, se encuentra en San Pedro de Montes de Oca, en la provincia de San Jos\u00e9. Es la instituci\u00f3n m\u00e1s antigua, m\u00e1s grande y de mayor\u2026","rel":"","context":"Similar post","block_context":{"text":"Similar post","link":""},"img":{"alt_text":"","src":"https:\/\/i0.wp.com\/sanjose.wordcamp.org\/2016\/files\/2016\/08\/cropped-wordcampSanJose-1-1.png?fit=512%2C512&resize=350%2C200#038;ssl=1","width":350,"height":200},"classes":[]},{"id":114,"url":"https:\/\/sanjose.wordcamp.org\/2016\/venue\/hospedaje\/","url_meta":{"origin":120,"position":4},"title":"Hospedaje","author":"remediosgraphic","date":"August 28, 2016","format":false,"excerpt":"Hotel Ave del Pariaso Hotel Ave del Paraiso - Eco Boutique Hotel ofrece a sus hu\u00e9spedes amplias y atractivas zonas verdes donde pueden relajarse, disfrutar de un buen libro, una conversaci\u00f3n agradable, el canto de los p\u00e1jaros o un simple pero estimulante contacto con la naturaleza. Contiguo al campus de\u2026","rel":"","context":"Similar post","block_context":{"text":"Similar post","link":""},"img":{"alt_text":"","src":"https:\/\/i0.wp.com\/sanjose.wordcamp.org\/2016\/files\/2016\/08\/cropped-wordcampSanJose-1-1.png?fit=512%2C512&resize=350%2C200#038;ssl=1","width":350,"height":200},"classes":[]},{"id":1127,"url":"https:\/\/sanjose.wordcamp.org\/2016\/menu-cena-speakers-sponsors\/","url_meta":{"origin":120,"position":5},"title":"Men\u00fa cena speakers sponsors","author":"remediosgraphic","date":"October 9, 2016","format":false,"excerpt":"Queremos invitarte a compartir un rato antes del evento a la cena de speakers y sponsors, la misma se realizar\u00e1 el viernes 4 de Noviembre a las 7:00pm en Caf\u00e9 Mundo (Avenida 9, calle 15, San Jos\u00e9, Costa Rica. Tel\u00e9fono 2222-6190), el lugar tiene parqueo amplio y es muy\u00a0acogedor. Todos\u2026","rel":"","context":"Similar post","block_context":{"text":"Similar post","link":""},"img":{"alt_text":"","src":"https:\/\/i0.wp.com\/sanjose.wordcamp.org\/2016\/files\/2016\/08\/cropped-wordcampSanJose-1-1.png?fit=512%2C512&resize=350%2C200#038;ssl=1","width":350,"height":200},"classes":[]}],"_links":{"self":[{"href":"https:\/\/sanjose.wordcamp.org\/2016\/wp-json\/wp\/v2\/pages\/120","targetHints":{"allow":["GET"]}}],"collection":[{"href":"https:\/\/sanjose.wordcamp.org\/2016\/wp-json\/wp\/v2\/pages"}],"about":[{"href":"https:\/\/sanjose.wordcamp.org\/2016\/wp-json\/wp\/v2\/types\/page"}],"author":[{"embeddable":true,"href":"https:\/\/sanjose.wordcamp.org\/2016\/wp-json\/wp\/v2\/users\/319559"}],"replies":[{"embeddable":true,"href":"https:\/\/sanjose.wordcamp.org\/2016\/wp-json\/wp\/v2\/comments?post=120"}],"version-history":[{"count":8,"href":"https:\/\/sanjose.wordcamp.org\/2016\/wp-json\/wp\/v2\/pages\/120\/revisions"}],"predecessor-version":[{"id":1259,"href":"https:\/\/sanjose.wordcamp.org\/2016\/wp-json\/wp\/v2\/pages\/120\/revisions\/1259"}],"up":[{"embeddable":true,"href":"https:\/\/sanjose.wordcamp.org\/2016\/wp-json\/wp\/v2\/pages\/110"}],"wp:attachment":[{"href":"https:\/\/sanjose.wordcamp.org\/2016\/wp-json\/wp\/v2\/media?parent=120"}],"curies":[{"name":"wp","href":"https:\/\/api.w.org\/{rel}","templated":true}]}}